{"id":977,"date":"2020-11-09T16:32:14","date_gmt":"2020-11-09T16:32:14","guid":{"rendered":"https:\/\/houseofwines.pt\/en\/?post_type=product&#038;p=977"},"modified":"2020-11-30T11:43:59","modified_gmt":"2020-11-30T11:43:59","slug":"diario-da-quinta-branco-2019","status":"publish","type":"product","link":"https:\/\/houseofwines.pt\/en\/product\/diario-da-quinta-branco-2019\/","title":{"rendered":"Di\u00e1rio da Quinta Branco 2019"},"content":{"rendered":"<p>[vc_row full_width=&#8221;stretch_row&#8221; gap=&#8221;35&#8243; content_placement=&#8221;middle&#8221; background_position=&#8221;center&#8221; et_uniqid=&#8221;et_custom_uniqid_5f86c6185daf9&#8243; _et_uniqid=&#8221;et_custom_uniqid_new_5f984331cf1ea&#8221;][vc_column et_uniqid=&#8221;et_custom_uniqid_5f86c59f9d34e&#8221; _et_uniqid=&#8221;et_custom_uniqid_new_5fa283c5a13c1&#8243; css=&#8221;.vc_custom_1604486090103{margin-top: -15px !important;margin-bottom: -25px !important;}&#8221;][vc_column_text el_class=&#8221;textobotaoclerkson2&#8243;]<\/p>\n<p style=\"font-size: 13px; color: #5a0c44;\"><span style=\"color: #5a0c44;\"><a style=\"color: #5a0c44;\" href=\"https:\/\/houseofwines.pt\/en\/wp-content\/uploads\/sites\/2\/2020\/11\/FT_QTA.GARRIDO_DIARIO-BRANCO19.pdf\" target=\"_blank\" rel=\"noopener noreferrer\">Download ficha t\u00e9cnica &gt;<\/a><\/span><\/p>\n<p>[\/vc_column_text][\/vc_column][\/vc_row][vc_row][vc_column][vc_column_text]<\/p>\n<h4><span style=\"color: #5a0c44;\">Classifica\u00e7\u00e3o e Regi\u00e3o:<\/span><\/h4>\n<p class=\"p1\">Vinho Regional de Lisboa<\/p>\n<h4><span style=\"color: #5a0c44;\">Clima e solo:<\/span><\/h4>\n<p class=\"p1\">Ano muito seco com uma precipita\u00e7\u00e3o anual abaixo da m\u00e9dia, induziu baixa produ\u00e7\u00e3o mas com uvas de grande qualidade e concentra\u00e7\u00e3o. Solos argilo-calc\u00e1rios de boa drenagem.<\/p>\n<h4><span style=\"color: #5a0c44;\">Castas:<\/span><\/h4>\n<p class=\"p1\">Arinto (Pedern\u00e3) e Maria Gomes<\/p>\n<h4><span style=\"color: #5a0c44;\">Vinifica\u00e7\u00e3o:<\/span><\/h4>\n<p class=\"p1\">Pr\u00e1ticas vit\u00edcolas ambientalmente sustent\u00e1veis em vinhas entre os 15 e os 20 anos de idade.<\/p>\n<h4><span style=\"color: #5a0c44;\">Est\u00e1gio:<\/span><\/h4>\n<p class=\"p1\">Esmagamento do cacho inteiro, fermenta\u00e7\u00e3o em cuba de inox e est\u00e1gio em cubas de bet\u00e3o.<\/p>\n<h4><span style=\"color: #5a0c44;\">Engarrafamento:<\/span><\/h4>\n<p class=\"p1\">Engarrafado em Fevereiro, ir\u00e1 evoluir bem na garrafa.<\/p>\n<h4><span style=\"color: #5a0c44;\">Nota de Prova e gastronomia:<\/span><\/h4>\n<p class=\"p1\">Aspeto l\u00edmpido, com nuances verdes e amarelas. Fruta fresca, tangerina e notas florais. Palato fresco, mineral, muito amigo da mesa ou por si s\u00f3.<\/p>\n<h4><span style=\"color: #5a0c44;\">Par\u00e2metros Anal\u00edticos:<\/span><\/h4>\n<p>T\u00edtulo alcoom\u00e9trico. 13%<br \/>\nPh. 3<br \/>\nAcidez Total: 7,5g\/l<br \/>\nCont\u00e9m Sulfitos.<\/p>\n<h4><span style=\"color: #5a0c44;\">En\u00f3logo:<\/span><\/h4>\n<p class=\"p1\">Francisco Macieira<\/p>\n<p>[\/vc_column_text][\/vc_column][\/vc_row]<\/p>\n","protected":false},"excerpt":{"rendered":"<p>[vc_row full_width=&#8221;stretch_row&#8221; gap=&#8221;35&#8243; content_placement=&#8221;middle&#8221; background_position=&#8221;center&#8221; et_uniqid=&#8221;et_custom_uniqid_5f86c6185daf9&#8243; _et_uniqid=&#8221;et_custom_uniqid_new_5f984331cf1ea&#8221;][vc_column et_uniqid=&#8221;et_custom_uniqid_5f86c59f9d34e&#8221; _et_uniqid=&#8221;et_custom_uniqid_new_5fa283c5a13c1&#8243; css=&#8221;.vc_custom_1604486090103{margin-top: -15px !important;margin-bottom: -25px !important;}&#8221;][vc_column_text el_class=&#8221;textobotaoclerkson2&#8243;] Download ficha t\u00e9cnica &gt; [\/vc_column_text][\/vc_column][\/vc_row][vc_row][vc_column][vc_column_text] Classifica\u00e7\u00e3o e Regi\u00e3o: Vinho Regional&#8230;<\/p>\n","protected":false},"featured_media":979,"template":"","meta":[],"etheme_brands":[{"term_id":21,"name":"Garrocha Wines","slug":"garrocha-wines","term_group":0,"term_taxonomy_id":21,"taxonomy":"brand","description":"","parent":0,"count":9,"filter":"raw"}],"product_cat":[69,72,78],"product_tag":[],"class_list":["post-977","product","type-product","status-publish","has-post-thumbnail","hentry","brand-garrocha-wines","product_cat-vinhos","product_cat-produtores","product_cat-garrocha-wines"],"_links":{"self":[{"href":"https:\/\/houseofwines.pt\/en\/wp-json\/wp\/v2\/product\/977","targetHints":{"allow":["GET"]}}],"collection":[{"href":"https:\/\/houseofwines.pt\/en\/wp-json\/wp\/v2\/product"}],"about":[{"href":"https:\/\/houseofwines.pt\/en\/wp-json\/wp\/v2\/types\/product"}],"wp:featuredmedia":[{"embeddable":true,"href":"https:\/\/houseofwines.pt\/en\/wp-json\/wp\/v2\/media\/979"}],"wp:attachment":[{"href":"https:\/\/houseofwines.pt\/en\/wp-json\/wp\/v2\/media?parent=977"}],"wp:term":[{"taxonomy":"brand","embeddable":true,"href":"https:\/\/houseofwines.pt\/en\/wp-json\/wp\/v2\/etheme_brands?post=977"},{"taxonomy":"product_cat","embeddable":true,"href":"https:\/\/houseofwines.pt\/en\/wp-json\/wp\/v2\/product_cat?post=977"},{"taxonomy":"product_tag","embeddable":true,"href":"https:\/\/houseofwines.pt\/en\/wp-json\/wp\/v2\/product_tag?post=977"}],"curies":[{"name":"wp","href":"https:\/\/api.w.org\/{rel}","templated":true}]}}

Diário da Quinta Branco 2019

<p>[vc_row full_width=&#8221;stretch_row&#8221; gap=&#8221;35&#8243; content_placement=&#8221;middle&#8221; background_position=&#8221;center&#8221; et_uniqid=&#8221;et_custom_uniqid_5f86c6185daf9&#8243; _et_uniqid=&#8221;et_custom_uniqid_new_5f984331cf1ea&#8221;][vc_column et_uniqid=&#8221;et_custom_uniqid_5f86c59f9d34e&#8221; _et_uniqid=&#8221;et_custom_uniqid_new_5fa283c5a13c1&#8243; css=&#8221;.vc_custom_1604486090103{margin-top: -15px !important;margin-bottom: -25px !important;}&#8221;][vc_column_text el_class=&#8221;textobotaoclerkson2&#8243;]</p>
<p style="font-size: 13px; color: #5a0c44;"><span style="color: #5a0c44;"><a style="color: #5a0c44;" href="https://houseofwines.pt/en/wp-content/uploads/sites/2/2020/11/FT_QTA.GARRIDO_DIARIO-BRANCO19.pdf" target="_blank" rel="noopener noreferrer">Download ficha técnica &gt;</a></span></p>
<p>[/vc_column_text][/vc_column][/vc_row][vc_row][vc_column][vc_column_text]</p>
<h4><span style="color: #5a0c44;">Classificação e Região:</span></h4>
<p class="p1">Vinho Regional de Lisboa</p>
<h4><span style="color: #5a0c44;">Clima e solo:</span></h4>
<p class="p1">Ano muito seco com uma precipitação anual abaixo da média, induziu baixa produção mas com uvas de grande qualidade e concentração. Solos argilo-calcários de boa drenagem.</p>
<h4><span style="color: #5a0c44;">Castas:</span></h4>
<p class="p1">Arinto (Pedernã) e Maria Gomes</p>
<h4><span style="color: #5a0c44;">Vinificação:</span></h4>
<p class="p1">Práticas vitícolas ambientalmente sustentáveis em vinhas entre os 15 e os 20 anos de idade.</p>
<h4><span style="color: #5a0c44;">Estágio:</span></h4>
<p class="p1">Esmagamento do cacho inteiro, fermentação em cuba de inox e estágio em cubas de betão.</p>
<h4><span style="color: #5a0c44;">Engarrafamento:</span></h4>
<p class="p1">Engarrafado em Fevereiro, irá evoluir bem na garrafa.</p>
<h4><span style="color: #5a0c44;">Nota de Prova e gastronomia:</span></h4>
<p class="p1">Aspeto límpido, com nuances verdes e amarelas. Fruta fresca, tangerina e notas florais. Palato fresco, mineral, muito amigo da mesa ou por si só.</p>
<h4><span style="color: #5a0c44;">Parâmetros Analíticos:</span></h4>
<p>Título alcoométrico. 13%<br />
Ph. 3<br />
Acidez Total: 7,5g/l<br />
Contém Sulfitos.</p>
<h4><span style="color: #5a0c44;">Enólogo:</span></h4>
<p class="p1">Francisco Macieira</p>
<p>[/vc_column_text][/vc_column][/vc_row]</p>

<p>[vc_row full_width=&#8221;stretch_row&#8221; gap=&#8221;35&#8243; content_placement=&#8221;middle&#8221; background_position=&#8221;center&#8221; et_uniqid=&#8221;et_custom_uniqid_5f86c6185daf9&#8243; _et_uniqid=&#8221;et_custom_uniqid_new_5f984331cf1ea&#8221;][vc_column et_uniqid=&#8221;et_custom_uniqid_5f86c59f9d34e&#8221; _et_uniqid=&#8221;et_custom_uniqid_new_5fa283c5a13c1&#8243; css=&#8221;.vc_custom_1604486090103{margin-top: -15px !important;margin-bottom: -25px !important;}&#8221;][vc_column_text el_class=&#8221;textobotaoclerkson2&#8243;] Download ficha técnica &gt; [/vc_column_text][/vc_column][/vc_row][vc_row][vc_column][vc_column_text] Classificação e Região: Vinho Regional&#8230;</p>
