{"id":974,"date":"2020-11-09T16:23:18","date_gmt":"2020-11-09T16:23:18","guid":{"rendered":"https:\/\/houseofwines.pt\/en\/?post_type=product&#038;p=974"},"modified":"2020-11-30T12:29:06","modified_gmt":"2020-11-30T12:29:06","slug":"ensemble-2015-magnum","status":"publish","type":"product","link":"https:\/\/houseofwines.pt\/en\/product\/ensemble-2015-magnum\/","title":{"rendered":"Ensemble 2015 MAGNUM"},"content":{"rendered":"<p>[vc_row full_width=&#8221;stretch_row&#8221; gap=&#8221;35&#8243; content_placement=&#8221;middle&#8221; background_position=&#8221;center&#8221; et_uniqid=&#8221;et_custom_uniqid_5f86c6185daf9&#8243; _et_uniqid=&#8221;et_custom_uniqid_new_5f984331cf1ea&#8221;][vc_column et_uniqid=&#8221;et_custom_uniqid_5f86c59f9d34e&#8221; _et_uniqid=&#8221;et_custom_uniqid_new_5fa283c5a13c1&#8243; css=&#8221;.vc_custom_1604486090103{margin-top: -15px !important;margin-bottom: -25px !important;}&#8221;][vc_column_text el_class=&#8221;textobotaoclerkson2&#8243;]<\/p>\n<p style=\"font-size: 13px; color: #5a0c44;\"><span style=\"color: #5a0c44;\"><a style=\"color: #5a0c44;\" href=\"https:\/\/houseofwines.pt\/en\/wp-content\/uploads\/sites\/2\/2020\/11\/FT_QTA.BULFATA_ENSEMBLE15.pdf\" target=\"_blank\" rel=\"noopener noreferrer\">Download ficha t\u00e9cnica &gt;<\/a><\/span><\/p>\n<p>[\/vc_column_text][\/vc_column][\/vc_row][vc_row][vc_column][vc_column_text]<\/p>\n<p class=\"p1\">Resulta da complexidade e irrever\u00eancias das vinhas do Douro e de uma Grande Amizade<\/p>\n<h4><span style=\"color: #5a0c44;\">Classifica\u00e7\u00e3o e Regi\u00e3o:<\/span><\/h4>\n<p class=\"p1\">DOC &#8211; Douro<\/p>\n<h4><span style=\"color: #5a0c44;\">Clima e solo:<\/span><\/h4>\n<p class=\"p1\">Sous\u00e3o &#8211; Xistoso e Vinhas Velhas &#8211; Granitico<\/p>\n<h4><span style=\"color: #5a0c44;\">Castas:<\/span><\/h4>\n<p class=\"p1\">Sous\u00e3o (85%) e Vinhas Velhas (15%)<\/p>\n<h4><span style=\"color: #5a0c44;\">Vinifica\u00e7\u00e3o:<\/span><\/h4>\n<p class=\"p1\">Uvas vindimadas \u00e0 m\u00e3o, em Outubro de 2015, e transportadas em caixas de 40 Litros, fermenta\u00e7\u00e3o em cubas de inox a temperatura controlada de 24-26\u00baC<\/p>\n<h4><span style=\"color: #5a0c44;\">Est\u00e1gio:<\/span><\/h4>\n<p class=\"p1\">Est\u00e1gio em barricas de Carvalho Franc\u00eas durante 24 meses.<\/p>\n<h4><span style=\"color: #5a0c44;\">Engarrafamento:<\/span><\/h4>\n<p class=\"p1\">Mar\u00e7o de 2018<\/p>\n<h4><span style=\"color: #5a0c44;\">Nota de Prova e gastronomia:<\/span><\/h4>\n<h4><span style=\"color: #5a0c44;\">Par\u00e2metros Anal\u00edticos:<\/span><\/h4>\n<p>T\u00edtulo alcoom\u00e9trico. 13,50%<br \/>\nPh. 3.54<br \/>\nAcidez Total: 5,20 g\/dm3 &#8211; \u00e1cido tart\u00e1rico<br \/>\nAcidez Vol\u00e1til:<br \/>\nA\u00e7\u00facar: 0,6 g\/dm3<br \/>\nSO2 livre:<br \/>\nCont\u00e9m Sulfitos.<\/p>\n<h4><span style=\"color: #5a0c44;\">En\u00f3logo:<\/span><\/h4>\n<p class=\"p1\">Victor Raba\u00e7al e Pedro Ribeiro<\/p>\n<p>[\/vc_column_text][\/vc_column][\/vc_row]<\/p>\n","protected":false},"excerpt":{"rendered":"<p>[vc_row full_width=&#8221;stretch_row&#8221; gap=&#8221;35&#8243; content_placement=&#8221;middle&#8221; background_position=&#8221;center&#8221; et_uniqid=&#8221;et_custom_uniqid_5f86c6185daf9&#8243; _et_uniqid=&#8221;et_custom_uniqid_new_5f984331cf1ea&#8221;][vc_column et_uniqid=&#8221;et_custom_uniqid_5f86c59f9d34e&#8221; _et_uniqid=&#8221;et_custom_uniqid_new_5fa283c5a13c1&#8243; css=&#8221;.vc_custom_1604486090103{margin-top: -15px !important;margin-bottom: -25px !important;}&#8221;][vc_column_text el_class=&#8221;textobotaoclerkson2&#8243;] Download ficha t\u00e9cnica &gt; [\/vc_column_text][\/vc_column][\/vc_row][vc_row][vc_column][vc_column_text] Resulta da complexidade e irrever\u00eancias&#8230;<\/p>\n","protected":false},"featured_media":972,"template":"","meta":[],"etheme_brands":[{"term_id":30,"name":"Ensemble","slug":"ensemble","term_group":0,"term_taxonomy_id":30,"taxonomy":"brand","description":"","parent":0,"count":2,"filter":"raw"}],"product_cat":[69,72,77],"product_tag":[],"class_list":["post-974","product","type-product","status-publish","has-post-thumbnail","hentry","brand-ensemble","product_cat-vinhos","product_cat-produtores","product_cat-ensemble"],"_links":{"self":[{"href":"https:\/\/houseofwines.pt\/en\/wp-json\/wp\/v2\/product\/974","targetHints":{"allow":["GET"]}}],"collection":[{"href":"https:\/\/houseofwines.pt\/en\/wp-json\/wp\/v2\/product"}],"about":[{"href":"https:\/\/houseofwines.pt\/en\/wp-json\/wp\/v2\/types\/product"}],"wp:featuredmedia":[{"embeddable":true,"href":"https:\/\/houseofwines.pt\/en\/wp-json\/wp\/v2\/media\/972"}],"wp:attachment":[{"href":"https:\/\/houseofwines.pt\/en\/wp-json\/wp\/v2\/media?parent=974"}],"wp:term":[{"taxonomy":"brand","embeddable":true,"href":"https:\/\/houseofwines.pt\/en\/wp-json\/wp\/v2\/etheme_brands?post=974"},{"taxonomy":"product_cat","embeddable":true,"href":"https:\/\/houseofwines.pt\/en\/wp-json\/wp\/v2\/product_cat?post=974"},{"taxonomy":"product_tag","embeddable":true,"href":"https:\/\/houseofwines.pt\/en\/wp-json\/wp\/v2\/product_tag?post=974"}],"curies":[{"name":"wp","href":"https:\/\/api.w.org\/{rel}","templated":true}]}}

<p>[vc_row full_width=&#8221;stretch_row&#8221; gap=&#8221;35&#8243; content_placement=&#8221;middle&#8221; background_position=&#8221;center&#8221; et_uniqid=&#8221;et_custom_uniqid_5f86c6185daf9&#8243; _et_uniqid=&#8221;et_custom_uniqid_new_5f984331cf1ea&#8221;][vc_column et_uniqid=&#8221;et_custom_uniqid_5f86c59f9d34e&#8221; _et_uniqid=&#8221;et_custom_uniqid_new_5fa283c5a13c1&#8243; css=&#8221;.vc_custom_1604486090103{margin-top: -15px !important;margin-bottom: -25px !important;}&#8221;][vc_column_text el_class=&#8221;textobotaoclerkson2&#8243;]</p>
<p style="font-size: 13px; color: #5a0c44;"><span style="color: #5a0c44;"><a style="color: #5a0c44;" href="https://houseofwines.pt/en/wp-content/uploads/sites/2/2020/11/FT_QTA.BULFATA_ENSEMBLE15.pdf" target="_blank" rel="noopener noreferrer">Download ficha técnica &gt;</a></span></p>
<p>[/vc_column_text][/vc_column][/vc_row][vc_row][vc_column][vc_column_text]</p>
<p class="p1">Resulta da complexidade e irreverências das vinhas do Douro e de uma Grande Amizade</p>
<h4><span style="color: #5a0c44;">Classificação e Região:</span></h4>
<p class="p1">DOC &#8211; Douro</p>
<h4><span style="color: #5a0c44;">Clima e solo:</span></h4>
<p class="p1">Sousão &#8211; Xistoso e Vinhas Velhas &#8211; Granitico</p>
<h4><span style="color: #5a0c44;">Castas:</span></h4>
<p class="p1">Sousão (85%) e Vinhas Velhas (15%)</p>
<h4><span style="color: #5a0c44;">Vinificação:</span></h4>
<p class="p1">Uvas vindimadas à mão, em Outubro de 2015, e transportadas em caixas de 40 Litros, fermentação em cubas de inox a temperatura controlada de 24-26ºC</p>
<h4><span style="color: #5a0c44;">Estágio:</span></h4>
<p class="p1">Estágio em barricas de Carvalho Francês durante 24 meses.</p>
<h4><span style="color: #5a0c44;">Engarrafamento:</span></h4>
<p class="p1">Março de 2018</p>
<h4><span style="color: #5a0c44;">Nota de Prova e gastronomia:</span></h4>
<h4><span style="color: #5a0c44;">Parâmetros Analíticos:</span></h4>
<p>Título alcoométrico. 13,50%<br />
Ph. 3.54<br />
Acidez Total: 5,20 g/dm3 &#8211; ácido tartárico<br />
Acidez Volátil:<br />
Açúcar: 0,6 g/dm3<br />
SO2 livre:<br />
Contém Sulfitos.</p>
<h4><span style="color: #5a0c44;">Enólogo:</span></h4>
<p class="p1">Victor Rabaçal e Pedro Ribeiro</p>
<p>[/vc_column_text][/vc_column][/vc_row]</p>

<p>[vc_row full_width=&#8221;stretch_row&#8221; gap=&#8221;35&#8243; content_placement=&#8221;middle&#8221; background_position=&#8221;center&#8221; et_uniqid=&#8221;et_custom_uniqid_5f86c6185daf9&#8243; _et_uniqid=&#8221;et_custom_uniqid_new_5f984331cf1ea&#8221;][vc_column et_uniqid=&#8221;et_custom_uniqid_5f86c59f9d34e&#8221; _et_uniqid=&#8221;et_custom_uniqid_new_5fa283c5a13c1&#8243; css=&#8221;.vc_custom_1604486090103{margin-top: -15px !important;margin-bottom: -25px !important;}&#8221;][vc_column_text el_class=&#8221;textobotaoclerkson2&#8243;] Download ficha técnica &gt; [/vc_column_text][/vc_column][/vc_row][vc_row][vc_column][vc_column_text] Resulta da complexidade e irreverências&#8230;</p>
