{"id":898,"date":"2020-11-04T22:53:12","date_gmt":"2020-11-04T22:53:12","guid":{"rendered":"https:\/\/houseofwines.pt\/en\/?post_type=product&#038;p=898"},"modified":"2020-11-30T12:25:48","modified_gmt":"2020-11-30T12:25:48","slug":"reserva-touriga-nacional-2017-magnum","status":"publish","type":"product","link":"https:\/\/houseofwines.pt\/en\/product\/reserva-touriga-nacional-2017-magnum\/","title":{"rendered":"Reserva Touriga Nacional 2017 MAGNUM"},"content":{"rendered":"<p>[vc_row full_width=&#8221;stretch_row&#8221; gap=&#8221;35&#8243; content_placement=&#8221;middle&#8221; background_position=&#8221;center&#8221; et_uniqid=&#8221;et_custom_uniqid_5f86c6185daf9&#8243; _et_uniqid=&#8221;et_custom_uniqid_new_5f984331cf1ea&#8221;][vc_column et_uniqid=&#8221;et_custom_uniqid_5f86c59f9d34e&#8221; _et_uniqid=&#8221;et_custom_uniqid_new_5fa283c5a13c1&#8243; css=&#8221;.vc_custom_1604486090103{margin-top: -15px !important;margin-bottom: -25px !important;}&#8221;][vc_column_text el_class=&#8221;textobotaoclerkson2&#8243;]<\/p>\n<p style=\"font-size: 13px; color: #5a0c44;\"><span style=\"color: #5a0c44;\"><a style=\"color: #5a0c44;\" href=\"https:\/\/houseofwines.pt\/en\/wp-content\/uploads\/sites\/2\/2020\/11\/FT_QTA.COQUINHO_RESERVA-T.NACIONAL17-MAGNUM.pdf\" target=\"_blank\" rel=\"noopener noreferrer\">Download ficha t\u00e9cnica &gt;<\/a><\/span><\/p>\n<p>[\/vc_column_text][\/vc_column][\/vc_row][vc_row][vc_column][vc_column_text]<\/p>\n<h4><span style=\"color: #5a0c44;\">Classifica\u00e7\u00e3o e Regi\u00e3o:<\/span><\/h4>\n<p class=\"p1\">DOP &#8211; Douro Superior<\/p>\n<h4><span style=\"color: #5a0c44;\">Castas:<\/span><\/h4>\n<p class=\"p1\">100% Touriga Nacional<\/p>\n<h4><span style=\"color: #5a0c44;\">Vinifica\u00e7\u00e3o:<\/span><\/h4>\n<p>As uvas foram vindimadas \u00e0 m\u00e3o, no seu ponto ideal de matura\u00e7\u00e3o, pretendendo-se que apresentem uma matura\u00e7\u00e3o pujante, conduzindo a maiores concentra\u00e7\u00f5es arom\u00e1ticas e polifen\u00f3licas. As uvas foram pisadas a p\u00e9 em lagar e seguidamente transferidas para Cuba Inox, onde decorreu a fermenta\u00e7\u00e3o alco\u00f3lica permitindo assim que os constituintes de qualidade presentes nas pel\u00edculas das uvas bem maduras, passassem suavemente para o vinho, com ligeiras remontagens e macera\u00e7\u00f5es prolongadas.<\/p>\n<h4><span style=\"color: #5a0c44;\">Est\u00e1gio:<\/span><\/h4>\n<p class=\"p1\">Ap\u00f3s a fermenta\u00e7\u00e3o malol\u00e1ctica, o vinho estagiou durante 12 meses em barricas novas de 1\u00ba e de 2\u00ba ano, de Carvalho Franc\u00eas, de 300 e 400 litros.<\/p>\n<h4><span style=\"color: #5a0c44;\">Engarrafamento:<\/span><\/h4>\n<p class=\"p1\">Julho de 2019<\/p>\n<h4><span style=\"color: #5a0c44;\">Nota de Prova e gastronomia:<\/span><\/h4>\n<p class=\"p1\">Cor rubi profundo. Aroma intenso onde ressalta a fruta bem madura. Na boca muito envolvente, poderoso mas equilibrado, com taninos suaves, evidenciam-se com intensidade a fruta, o chocolate e a ginja. Um vinho de elevado n\u00edvel com um estilo moderno mas marcadamente portugu\u00eas que ser\u00e1 uma excelente companhia para pratos de carne de sabor intenso.<\/p>\n<h4><span style=\"color: #5a0c44;\">Par\u00e2metros Anal\u00edticos:<\/span><\/h4>\n<p class=\"p1\">T\u00edtulo alcoom\u00e9trico. 14,5 (%\/v &#8211; 20\u00ba)<br \/>\nPh.<br \/>\nAcidez Total:<br \/>\nAcidez Vol\u00e1til:<br \/>\nCont\u00e9m Sulfitos.<\/p>\n<h4><span style=\"color: #5a0c44;\">En\u00f3logo:<\/span><\/h4>\n<p>Jo\u00e3o Brito e Cunha e Victor Raba\u00e7al[\/vc_column_text][\/vc_column][\/vc_row][vc_row][vc_column][\/vc_column][\/vc_row]<\/p>\n","protected":false},"excerpt":{"rendered":"<p>[vc_row full_width=&#8221;stretch_row&#8221; gap=&#8221;35&#8243; content_placement=&#8221;middle&#8221; background_position=&#8221;center&#8221; et_uniqid=&#8221;et_custom_uniqid_5f86c6185daf9&#8243; _et_uniqid=&#8221;et_custom_uniqid_new_5f984331cf1ea&#8221;][vc_column et_uniqid=&#8221;et_custom_uniqid_5f86c59f9d34e&#8221; _et_uniqid=&#8221;et_custom_uniqid_new_5fa283c5a13c1&#8243; css=&#8221;.vc_custom_1604486090103{margin-top: -15px !important;margin-bottom: -25px !important;}&#8221;][vc_column_text el_class=&#8221;textobotaoclerkson2&#8243;] Download ficha t\u00e9cnica &gt; [\/vc_column_text][\/vc_column][\/vc_row][vc_row][vc_column][vc_column_text] Classifica\u00e7\u00e3o e Regi\u00e3o: DOP &#8211;&#8230;<\/p>\n","protected":false},"featured_media":900,"template":"","meta":[],"etheme_brands":[{"term_id":28,"name":"Quinta do Couquinho","slug":"quinta-do-couquinho","term_group":0,"term_taxonomy_id":28,"taxonomy":"brand","description":"","parent":0,"count":13,"filter":"raw"}],"product_cat":[69,74],"product_tag":[],"class_list":["post-898","product","type-product","status-publish","has-post-thumbnail","hentry","brand-quinta-do-couquinho","product_cat-vinhos","product_cat-quinta-do-couquinho"],"_links":{"self":[{"href":"https:\/\/houseofwines.pt\/en\/wp-json\/wp\/v2\/product\/898","targetHints":{"allow":["GET"]}}],"collection":[{"href":"https:\/\/houseofwines.pt\/en\/wp-json\/wp\/v2\/product"}],"about":[{"href":"https:\/\/houseofwines.pt\/en\/wp-json\/wp\/v2\/types\/product"}],"wp:featuredmedia":[{"embeddable":true,"href":"https:\/\/houseofwines.pt\/en\/wp-json\/wp\/v2\/media\/900"}],"wp:attachment":[{"href":"https:\/\/houseofwines.pt\/en\/wp-json\/wp\/v2\/media?parent=898"}],"wp:term":[{"taxonomy":"brand","embeddable":true,"href":"https:\/\/houseofwines.pt\/en\/wp-json\/wp\/v2\/etheme_brands?post=898"},{"taxonomy":"product_cat","embeddable":true,"href":"https:\/\/houseofwines.pt\/en\/wp-json\/wp\/v2\/product_cat?post=898"},{"taxonomy":"product_tag","embeddable":true,"href":"https:\/\/houseofwines.pt\/en\/wp-json\/wp\/v2\/product_tag?post=898"}],"curies":[{"name":"wp","href":"https:\/\/api.w.org\/{rel}","templated":true}]}}

<p>[vc_row full_width=&#8221;stretch_row&#8221; gap=&#8221;35&#8243; content_placement=&#8221;middle&#8221; background_position=&#8221;center&#8221; et_uniqid=&#8221;et_custom_uniqid_5f86c6185daf9&#8243; _et_uniqid=&#8221;et_custom_uniqid_new_5f984331cf1ea&#8221;][vc_column et_uniqid=&#8221;et_custom_uniqid_5f86c59f9d34e&#8221; _et_uniqid=&#8221;et_custom_uniqid_new_5fa283c5a13c1&#8243; css=&#8221;.vc_custom_1604486090103{margin-top: -15px !important;margin-bottom: -25px !important;}&#8221;][vc_column_text el_class=&#8221;textobotaoclerkson2&#8243;]</p>
<p style="font-size: 13px; color: #5a0c44;"><span style="color: #5a0c44;"><a style="color: #5a0c44;" href="https://houseofwines.pt/en/wp-content/uploads/sites/2/2020/11/FT_QTA.COQUINHO_RESERVA-T.NACIONAL17-MAGNUM.pdf" target="_blank" rel="noopener noreferrer">Download ficha técnica &gt;</a></span></p>
<p>[/vc_column_text][/vc_column][/vc_row][vc_row][vc_column][vc_column_text]</p>
<h4><span style="color: #5a0c44;">Classificação e Região:</span></h4>
<p class="p1">DOP &#8211; Douro Superior</p>
<h4><span style="color: #5a0c44;">Castas:</span></h4>
<p class="p1">100% Touriga Nacional</p>
<h4><span style="color: #5a0c44;">Vinificação:</span></h4>
<p>As uvas foram vindimadas à mão, no seu ponto ideal de maturação, pretendendo-se que apresentem uma maturação pujante, conduzindo a maiores concentrações aromáticas e polifenólicas. As uvas foram pisadas a pé em lagar e seguidamente transferidas para Cuba Inox, onde decorreu a fermentação alcoólica permitindo assim que os constituintes de qualidade presentes nas películas das uvas bem maduras, passassem suavemente para o vinho, com ligeiras remontagens e macerações prolongadas.</p>
<h4><span style="color: #5a0c44;">Estágio:</span></h4>
<p class="p1">Após a fermentação maloláctica, o vinho estagiou durante 12 meses em barricas novas de 1º e de 2º ano, de Carvalho Francês, de 300 e 400 litros.</p>
<h4><span style="color: #5a0c44;">Engarrafamento:</span></h4>
<p class="p1">Julho de 2019</p>
<h4><span style="color: #5a0c44;">Nota de Prova e gastronomia:</span></h4>
<p class="p1">Cor rubi profundo. Aroma intenso onde ressalta a fruta bem madura. Na boca muito envolvente, poderoso mas equilibrado, com taninos suaves, evidenciam-se com intensidade a fruta, o chocolate e a ginja. Um vinho de elevado nível com um estilo moderno mas marcadamente português que será uma excelente companhia para pratos de carne de sabor intenso.</p>
<h4><span style="color: #5a0c44;">Parâmetros Analíticos:</span></h4>
<p class="p1">Título alcoométrico. 14,5 (%/v &#8211; 20º)<br />
Ph.<br />
Acidez Total:<br />
Acidez Volátil:<br />
Contém Sulfitos.</p>
<h4><span style="color: #5a0c44;">Enólogo:</span></h4>
<p>João Brito e Cunha e Victor Rabaçal[/vc_column_text][/vc_column][/vc_row][vc_row][vc_column][/vc_column][/vc_row]</p>

<p>[vc_row full_width=&#8221;stretch_row&#8221; gap=&#8221;35&#8243; content_placement=&#8221;middle&#8221; background_position=&#8221;center&#8221; et_uniqid=&#8221;et_custom_uniqid_5f86c6185daf9&#8243; _et_uniqid=&#8221;et_custom_uniqid_new_5f984331cf1ea&#8221;][vc_column et_uniqid=&#8221;et_custom_uniqid_5f86c59f9d34e&#8221; _et_uniqid=&#8221;et_custom_uniqid_new_5fa283c5a13c1&#8243; css=&#8221;.vc_custom_1604486090103{margin-top: -15px !important;margin-bottom: -25px !important;}&#8221;][vc_column_text el_class=&#8221;textobotaoclerkson2&#8243;] Download ficha técnica &gt; [/vc_column_text][/vc_column][/vc_row][vc_row][vc_column][vc_column_text] Classificação e Região: DOP &#8211;&#8230;</p>
