{"id":581,"date":"2020-10-27T15:51:33","date_gmt":"2020-10-27T15:51:33","guid":{"rendered":"https:\/\/houseofwines.pt\/en\/?post_type=product&#038;p=581"},"modified":"2020-11-30T12:25:55","modified_gmt":"2020-11-30T12:25:55","slug":"encostas-do-gaviao-dop","status":"publish","type":"product","link":"https:\/\/houseofwines.pt\/en\/product\/encostas-do-gaviao-dop\/","title":{"rendered":"Encostas do Gavi\u00e3o DOP"},"content":{"rendered":"<p>[vc_row full_width=&#8221;stretch_row&#8221; gap=&#8221;35&#8243; content_placement=&#8221;middle&#8221; background_position=&#8221;center&#8221; et_uniqid=&#8221;et_custom_uniqid_5f86c6185daf9&#8243; _et_uniqid=&#8221;et_custom_uniqid_new_5f984331cf1ea&#8221;][vc_column et_uniqid=&#8221;et_custom_uniqid_5f86c59f9d34e&#8221; _et_uniqid=&#8221;et_custom_uniqid_new_5fa283c5a13c1&#8243; css=&#8221;.vc_custom_1604486090103{margin-top: -15px !important;margin-bottom: -25px !important;}&#8221;][vc_column_text el_class=&#8221;textobotaoclerkson2&#8243;]<\/p>\n<p style=\"font-size: 13px; color: #5a0c44;\"><span style=\"color: #5a0c44;\"><a style=\"color: #5a0c44;\" href=\"https:\/\/houseofwines.pt\/en\/wp-content\/uploads\/sites\/2\/2020\/10\/FT_QTA.COQUINHO_ENCOSTAS-GAVIAO18.pdf\" target=\"_blank\" rel=\"noopener noreferrer\">Download ficha t\u00e9cnica &gt;<\/a><\/span><\/p>\n<p>[\/vc_column_text][\/vc_column][\/vc_row][vc_row][vc_column][vc_column_text]<\/p>\n<h4><span style=\"color: #5a0c44;\">Classifica\u00e7\u00e3o e Regi\u00e3o:<\/span><\/h4>\n<p>DOP &#8211; Douro Superior<\/p>\n<h4><span style=\"color: #5a0c44;\">Castas:<\/span><\/h4>\n<p>Touriga Nacional, Tinto C\u00e3o, Tinta Roriz e Touriga Franca.<\/p>\n<h4><span style=\"color: #5a0c44;\">Vinifica\u00e7\u00e3o:<\/span><\/h4>\n<p>As uvas foram vindimadas \u00e0 m\u00e3o, no seu ponto ideal de matura\u00e7\u00e3o, com o objetivo<br \/>\nde apresentarem uma matura\u00e7\u00e3o pujante, conduzindo a maiores concentra\u00e7\u00f5es<br \/>\narom\u00e1ticas e polifen\u00f3licas. Ap\u00f3s suave esmagamento e desengace total, as uvas<br \/>\nesmagadas foram encaminhadas e fermentadas em cubas inox, permitindo assim<br \/>\nque os constituintes de qualidade presentes nas pel\u00edculas das uvas bem maduras,<br \/>\npassassem suavemente para o vinho, com ligeiras remontagens e macera\u00e7\u00f5es<br \/>\nprolongadas.<\/p>\n<h4><span style=\"color: #5a0c44;\">Est\u00e1gio:<\/span><\/h4>\n<p>Ap\u00f3s a fermenta\u00e7\u00e3o malol\u00e1ctica em cubas inox, parte do vinho estagiou em<br \/>\nbarricas de carvalho franc\u00eas, de 3\u00ba e 4\u00ba ano, durante 12 meses.<\/p>\n<h4><span style=\"color: #5a0c44;\">Engarrafamento:<\/span><\/h4>\n<p>Janeiro de 2020<\/p>\n<h4><span style=\"color: #5a0c44;\">Nota de Prova e gastronomia:<\/span><\/h4>\n<p>Cor rubi carregada e densa, nariz intenso, onde sobressaem os aromas bals\u00e2micos<br \/>\nda esteva e da hortel\u00e3 do rio, a fruta bem madura de amoras e ginja, com algum<br \/>\nchocolate e licor de caf\u00e9. Na boca \u00e9 cheio, taninos muito suaves mas presentes,<br \/>\nsabor intenso \u00e0 fruta preta e boa persist\u00eancia. Um excelente companheiro de uma<br \/>\ncosteleta barros\u00e3 e de toda a gastronomia de sabor. Para beber desde j\u00e1 com a<br \/>\ngarantia de que ir\u00e1 melhorar com o est\u00e1gio em garrafa.<\/p>\n<h4><span style=\"color: #5a0c44;\">Par\u00e2metros Anal\u00edticos:<\/span><\/h4>\n<p>T\u00edtulo alcoom\u00e9trico. 14,5 (%\/v-20\u00ba)<br \/>\nPh. 3.65<br \/>\nAcidez Total: 5 (g\/l \u00e1cido tart\u00e1rico)<br \/>\nAcidez Vol\u00e1til: 0,60 (g\/l \u00e1cido ac\u00e9tico)<br \/>\nCont\u00e9m Sulfitos.<\/p>\n<h4><span style=\"color: #5a0c44;\">En\u00f3logo:<\/span><\/h4>\n<p>Jo\u00e3o Brito e Cunha e Victor Raba\u00e7al[\/vc_column_text][\/vc_column][\/vc_row]<\/p>\n","protected":false},"excerpt":{"rendered":"<p>[vc_row full_width=&#8221;stretch_row&#8221; gap=&#8221;35&#8243; content_placement=&#8221;middle&#8221; background_position=&#8221;center&#8221; et_uniqid=&#8221;et_custom_uniqid_5f86c6185daf9&#8243; _et_uniqid=&#8221;et_custom_uniqid_new_5f984331cf1ea&#8221;][vc_column et_uniqid=&#8221;et_custom_uniqid_5f86c59f9d34e&#8221; _et_uniqid=&#8221;et_custom_uniqid_new_5fa283c5a13c1&#8243; css=&#8221;.vc_custom_1604486090103{margin-top: -15px !important;margin-bottom: -25px !important;}&#8221;][vc_column_text el_class=&#8221;textobotaoclerkson2&#8243;] Download ficha t\u00e9cnica &gt; [\/vc_column_text][\/vc_column][\/vc_row][vc_row][vc_column][vc_column_text] Classifica\u00e7\u00e3o e Regi\u00e3o: DOP &#8211;&#8230;<\/p>\n","protected":false},"featured_media":649,"template":"","meta":[],"etheme_brands":[{"term_id":28,"name":"Quinta do Couquinho","slug":"quinta-do-couquinho","term_group":0,"term_taxonomy_id":28,"taxonomy":"brand","description":"","parent":0,"count":13,"filter":"raw"}],"product_cat":[69,74],"product_tag":[],"class_list":["post-581","product","type-product","status-publish","has-post-thumbnail","hentry","brand-quinta-do-couquinho","product_cat-vinhos","product_cat-quinta-do-couquinho"],"_links":{"self":[{"href":"https:\/\/houseofwines.pt\/en\/wp-json\/wp\/v2\/product\/581","targetHints":{"allow":["GET"]}}],"collection":[{"href":"https:\/\/houseofwines.pt\/en\/wp-json\/wp\/v2\/product"}],"about":[{"href":"https:\/\/houseofwines.pt\/en\/wp-json\/wp\/v2\/types\/product"}],"wp:featuredmedia":[{"embeddable":true,"href":"https:\/\/houseofwines.pt\/en\/wp-json\/wp\/v2\/media\/649"}],"wp:attachment":[{"href":"https:\/\/houseofwines.pt\/en\/wp-json\/wp\/v2\/media?parent=581"}],"wp:term":[{"taxonomy":"brand","embeddable":true,"href":"https:\/\/houseofwines.pt\/en\/wp-json\/wp\/v2\/etheme_brands?post=581"},{"taxonomy":"product_cat","embeddable":true,"href":"https:\/\/houseofwines.pt\/en\/wp-json\/wp\/v2\/product_cat?post=581"},{"taxonomy":"product_tag","embeddable":true,"href":"https:\/\/houseofwines.pt\/en\/wp-json\/wp\/v2\/product_tag?post=581"}],"curies":[{"name":"wp","href":"https:\/\/api.w.org\/{rel}","templated":true}]}}

Encostas do Gavião DOP

<p>[vc_row full_width=&#8221;stretch_row&#8221; gap=&#8221;35&#8243; content_placement=&#8221;middle&#8221; background_position=&#8221;center&#8221; et_uniqid=&#8221;et_custom_uniqid_5f86c6185daf9&#8243; _et_uniqid=&#8221;et_custom_uniqid_new_5f984331cf1ea&#8221;][vc_column et_uniqid=&#8221;et_custom_uniqid_5f86c59f9d34e&#8221; _et_uniqid=&#8221;et_custom_uniqid_new_5fa283c5a13c1&#8243; css=&#8221;.vc_custom_1604486090103{margin-top: -15px !important;margin-bottom: -25px !important;}&#8221;][vc_column_text el_class=&#8221;textobotaoclerkson2&#8243;]</p>
<p style="font-size: 13px; color: #5a0c44;"><span style="color: #5a0c44;"><a style="color: #5a0c44;" href="https://houseofwines.pt/en/wp-content/uploads/sites/2/2020/10/FT_QTA.COQUINHO_ENCOSTAS-GAVIAO18.pdf" target="_blank" rel="noopener noreferrer">Download ficha técnica &gt;</a></span></p>
<p>[/vc_column_text][/vc_column][/vc_row][vc_row][vc_column][vc_column_text]</p>
<h4><span style="color: #5a0c44;">Classificação e Região:</span></h4>
<p>DOP &#8211; Douro Superior</p>
<h4><span style="color: #5a0c44;">Castas:</span></h4>
<p>Touriga Nacional, Tinto Cão, Tinta Roriz e Touriga Franca.</p>
<h4><span style="color: #5a0c44;">Vinificação:</span></h4>
<p>As uvas foram vindimadas à mão, no seu ponto ideal de maturação, com o objetivo<br />
de apresentarem uma maturação pujante, conduzindo a maiores concentrações<br />
aromáticas e polifenólicas. Após suave esmagamento e desengace total, as uvas<br />
esmagadas foram encaminhadas e fermentadas em cubas inox, permitindo assim<br />
que os constituintes de qualidade presentes nas películas das uvas bem maduras,<br />
passassem suavemente para o vinho, com ligeiras remontagens e macerações<br />
prolongadas.</p>
<h4><span style="color: #5a0c44;">Estágio:</span></h4>
<p>Após a fermentação maloláctica em cubas inox, parte do vinho estagiou em<br />
barricas de carvalho francês, de 3º e 4º ano, durante 12 meses.</p>
<h4><span style="color: #5a0c44;">Engarrafamento:</span></h4>
<p>Janeiro de 2020</p>
<h4><span style="color: #5a0c44;">Nota de Prova e gastronomia:</span></h4>
<p>Cor rubi carregada e densa, nariz intenso, onde sobressaem os aromas balsâmicos<br />
da esteva e da hortelã do rio, a fruta bem madura de amoras e ginja, com algum<br />
chocolate e licor de café. Na boca é cheio, taninos muito suaves mas presentes,<br />
sabor intenso à fruta preta e boa persistência. Um excelente companheiro de uma<br />
costeleta barrosã e de toda a gastronomia de sabor. Para beber desde já com a<br />
garantia de que irá melhorar com o estágio em garrafa.</p>
<h4><span style="color: #5a0c44;">Parâmetros Analíticos:</span></h4>
<p>Título alcoométrico. 14,5 (%/v-20º)<br />
Ph. 3.65<br />
Acidez Total: 5 (g/l ácido tartárico)<br />
Acidez Volátil: 0,60 (g/l ácido acético)<br />
Contém Sulfitos.</p>
<h4><span style="color: #5a0c44;">Enólogo:</span></h4>
<p>João Brito e Cunha e Victor Rabaçal[/vc_column_text][/vc_column][/vc_row]</p>

<p>[vc_row full_width=&#8221;stretch_row&#8221; gap=&#8221;35&#8243; content_placement=&#8221;middle&#8221; background_position=&#8221;center&#8221; et_uniqid=&#8221;et_custom_uniqid_5f86c6185daf9&#8243; _et_uniqid=&#8221;et_custom_uniqid_new_5f984331cf1ea&#8221;][vc_column et_uniqid=&#8221;et_custom_uniqid_5f86c59f9d34e&#8221; _et_uniqid=&#8221;et_custom_uniqid_new_5fa283c5a13c1&#8243; css=&#8221;.vc_custom_1604486090103{margin-top: -15px !important;margin-bottom: -25px !important;}&#8221;][vc_column_text el_class=&#8221;textobotaoclerkson2&#8243;] Download ficha técnica &gt; [/vc_column_text][/vc_column][/vc_row][vc_row][vc_column][vc_column_text] Classificação e Região: DOP &#8211;&#8230;</p>
