{"id":1629,"date":"2020-11-23T17:09:03","date_gmt":"2020-11-23T17:09:03","guid":{"rendered":"https:\/\/houseofwines.pt\/en\/?post_type=product&#038;p=1629"},"modified":"2020-11-23T17:11:19","modified_gmt":"2020-11-23T17:11:19","slug":"vale-da-capucha-arinto","status":"publish","type":"product","link":"https:\/\/houseofwines.pt\/en\/product\/vale-da-capucha-arinto\/","title":{"rendered":"Vale da Capucha Arinto"},"content":{"rendered":"<p>[vc_row full_width=&#8221;stretch_row&#8221; gap=&#8221;35&#8243; content_placement=&#8221;middle&#8221; background_position=&#8221;center&#8221; et_uniqid=&#8221;et_custom_uniqid_5f86c6185daf9&#8243; _et_uniqid=&#8221;et_custom_uniqid_new_5f984331cf1ea&#8221;][vc_column et_uniqid=&#8221;et_custom_uniqid_5f86c59f9d34e&#8221; _et_uniqid=&#8221;et_custom_uniqid_new_5fa283c5a13c1&#8243; css=&#8221;.vc_custom_1604486090103{margin-top: -15px !important;margin-bottom: -25px !important;}&#8221;][vc_column_text el_class=&#8221;textobotaoclerkson2&#8243;]<\/p>\n<p style=\"font-size: 13px; color: #5a0c44;\"><span style=\"color: #5a0c44;\"><a style=\"color: #5a0c44;\" href=\"https:\/\/houseofwines.pt\/en\/wp-content\/uploads\/sites\/2\/2020\/11\/FT_VALE-DA-CAPUCHA_ARINTO18.pdf\" target=\"_blank\" rel=\"noopener noreferrer\">Download ficha t\u00e9cnica &gt;<\/a><\/span><\/p>\n<p>[\/vc_column_text][\/vc_column][\/vc_row][vc_row][vc_column][vc_column_text]<\/p>\n<h4><span style=\"color: #5a0c44;\">Classifica\u00e7\u00e3o e Regi\u00e3o:<\/span><\/h4>\n<p class=\"p1\">Torres Vedras, Vinho de Portugal<\/p>\n<h4><span style=\"color: #5a0c44;\">Clima e solo:<\/span><\/h4>\n<p class=\"p1\">Solos argilo-calc\u00e1rios de origem oce\u00e2nica. Boa drenagem e fertilidade moderada. Influ\u00eancia atl\u00e2ntica (9 km do mar). Manh\u00e3s h\u00famidas. Tarde ensolarada e ventosa. Baixa amplitude t\u00e9rmica.<\/p>\n<h4><span style=\"color: #5a0c44;\">Castas:<\/span><\/h4>\n<p class=\"p1\">100% Arinto<\/p>\n<h4><span style=\"color: #5a0c44;\">Vinifica\u00e7\u00e3o:<\/span><\/h4>\n<p class=\"p1\">As uvas s\u00e3o gentilmente prensadas inteiras com enga\u00e7o, ficando o mosto resultante em repouso e decanta\u00e7\u00e3o natural durante 12 horas. No dia seguinte, \u00e9 feita uma passagem a limpo para barricas de 500L. Nas horas seguintes ocorre o in\u00edcio da fermenta\u00e7\u00e3o, por ac\u00e7\u00e3o das leveduras ind\u00edgenas, criadas na nossa vinha.<\/p>\n<h4><span style=\"color: #5a0c44;\">Est\u00e1gio:<\/span><\/h4>\n<p class=\"p1\">Est\u00e1gio de 10 meses em borras, sem agita\u00e7\u00e3o. N\u00e3o se usou qualquer adi\u00e7\u00e3o de produtos ex\u00f3genos \u00e0 uva. VINHO N\u00c3O FILTRADO e sem sulfitos adicionados<\/p>\n<h4><span style=\"color: #5a0c44;\">Nota de Prova e gastronomia:<\/span><\/h4>\n<p class=\"p1\">Aroma vegetal, revelando notas de alga verde e seixo molhado. Extremamente salino e puro, com acidez leve, este branco prima pela frescura e salinidade.<\/p>\n<h4><span style=\"color: #5a0c44;\">Par\u00e2metros Anal\u00edticos:<\/span><\/h4>\n<p>T\u00edtulo alcoom\u00e9trico. 13,50%<br \/>\nPh. 3.09<br \/>\nAcidez Total: 7,7(g\/l)<br \/>\nA\u00e7\u00facar: &lt;1,5 (g\/l)<br \/>\nSO2 Total: &lt;10(mg\/l)<\/p>\n<p><strong><span style=\"color: #5a0c44;\">En\u00f3logo:<\/span><\/strong><\/p>\n<p class=\"p1\">Pedro Marques e Manuel Marques<\/p>\n<p>[\/vc_column_text][\/vc_column][\/vc_row]<\/p>\n","protected":false},"excerpt":{"rendered":"<p>[vc_row full_width=&#8221;stretch_row&#8221; gap=&#8221;35&#8243; content_placement=&#8221;middle&#8221; background_position=&#8221;center&#8221; et_uniqid=&#8221;et_custom_uniqid_5f86c6185daf9&#8243; _et_uniqid=&#8221;et_custom_uniqid_new_5f984331cf1ea&#8221;][vc_column et_uniqid=&#8221;et_custom_uniqid_5f86c59f9d34e&#8221; _et_uniqid=&#8221;et_custom_uniqid_new_5fa283c5a13c1&#8243; css=&#8221;.vc_custom_1604486090103{margin-top: -15px !important;margin-bottom: -25px !important;}&#8221;][vc_column_text el_class=&#8221;textobotaoclerkson2&#8243;] Download ficha t\u00e9cnica &gt; [\/vc_column_text][\/vc_column][\/vc_row][vc_row][vc_column][vc_column_text] Classifica\u00e7\u00e3o e Regi\u00e3o: Torres Vedras,&#8230;<\/p>\n","protected":false},"featured_media":1630,"template":"","meta":[],"etheme_brands":[{"term_id":31,"name":"Vale da Capucha","slug":"vale-da-capucha","term_group":0,"term_taxonomy_id":31,"taxonomy":"brand","description":"","parent":0,"count":6,"filter":"raw"}],"product_cat":[69,70,72,87],"product_tag":[],"class_list":["post-1629","product","type-product","status-publish","has-post-thumbnail","hentry","brand-vale-da-capucha","product_cat-vinhos","product_cat-bio-vegan","product_cat-produtores","product_cat-vale-da-capucha"],"_links":{"self":[{"href":"https:\/\/houseofwines.pt\/en\/wp-json\/wp\/v2\/product\/1629","targetHints":{"allow":["GET"]}}],"collection":[{"href":"https:\/\/houseofwines.pt\/en\/wp-json\/wp\/v2\/product"}],"about":[{"href":"https:\/\/houseofwines.pt\/en\/wp-json\/wp\/v2\/types\/product"}],"wp:featuredmedia":[{"embeddable":true,"href":"https:\/\/houseofwines.pt\/en\/wp-json\/wp\/v2\/media\/1630"}],"wp:attachment":[{"href":"https:\/\/houseofwines.pt\/en\/wp-json\/wp\/v2\/media?parent=1629"}],"wp:term":[{"taxonomy":"brand","embeddable":true,"href":"https:\/\/houseofwines.pt\/en\/wp-json\/wp\/v2\/etheme_brands?post=1629"},{"taxonomy":"product_cat","embeddable":true,"href":"https:\/\/houseofwines.pt\/en\/wp-json\/wp\/v2\/product_cat?post=1629"},{"taxonomy":"product_tag","embeddable":true,"href":"https:\/\/houseofwines.pt\/en\/wp-json\/wp\/v2\/product_tag?post=1629"}],"curies":[{"name":"wp","href":"https:\/\/api.w.org\/{rel}","templated":true}]}}

<p>[vc_row full_width=&#8221;stretch_row&#8221; gap=&#8221;35&#8243; content_placement=&#8221;middle&#8221; background_position=&#8221;center&#8221; et_uniqid=&#8221;et_custom_uniqid_5f86c6185daf9&#8243; _et_uniqid=&#8221;et_custom_uniqid_new_5f984331cf1ea&#8221;][vc_column et_uniqid=&#8221;et_custom_uniqid_5f86c59f9d34e&#8221; _et_uniqid=&#8221;et_custom_uniqid_new_5fa283c5a13c1&#8243; css=&#8221;.vc_custom_1604486090103{margin-top: -15px !important;margin-bottom: -25px !important;}&#8221;][vc_column_text el_class=&#8221;textobotaoclerkson2&#8243;]</p>
<p style="font-size: 13px; color: #5a0c44;"><span style="color: #5a0c44;"><a style="color: #5a0c44;" href="https://houseofwines.pt/en/wp-content/uploads/sites/2/2020/11/FT_VALE-DA-CAPUCHA_ARINTO18.pdf" target="_blank" rel="noopener noreferrer">Download ficha técnica &gt;</a></span></p>
<p>[/vc_column_text][/vc_column][/vc_row][vc_row][vc_column][vc_column_text]</p>
<h4><span style="color: #5a0c44;">Classificação e Região:</span></h4>
<p class="p1">Torres Vedras, Vinho de Portugal</p>
<h4><span style="color: #5a0c44;">Clima e solo:</span></h4>
<p class="p1">Solos argilo-calcários de origem oceânica. Boa drenagem e fertilidade moderada. Influência atlântica (9 km do mar). Manhãs húmidas. Tarde ensolarada e ventosa. Baixa amplitude térmica.</p>
<h4><span style="color: #5a0c44;">Castas:</span></h4>
<p class="p1">100% Arinto</p>
<h4><span style="color: #5a0c44;">Vinificação:</span></h4>
<p class="p1">As uvas são gentilmente prensadas inteiras com engaço, ficando o mosto resultante em repouso e decantação natural durante 12 horas. No dia seguinte, é feita uma passagem a limpo para barricas de 500L. Nas horas seguintes ocorre o início da fermentação, por acção das leveduras indígenas, criadas na nossa vinha.</p>
<h4><span style="color: #5a0c44;">Estágio:</span></h4>
<p class="p1">Estágio de 10 meses em borras, sem agitação. Não se usou qualquer adição de produtos exógenos à uva. VINHO NÃO FILTRADO e sem sulfitos adicionados</p>
<h4><span style="color: #5a0c44;">Nota de Prova e gastronomia:</span></h4>
<p class="p1">Aroma vegetal, revelando notas de alga verde e seixo molhado. Extremamente salino e puro, com acidez leve, este branco prima pela frescura e salinidade.</p>
<h4><span style="color: #5a0c44;">Parâmetros Analíticos:</span></h4>
<p>Título alcoométrico. 13,50%<br />
Ph. 3.09<br />
Acidez Total: 7,7(g/l)<br />
Açúcar: &lt;1,5 (g/l)<br />
SO2 Total: &lt;10(mg/l)</p>
<p><strong><span style="color: #5a0c44;">Enólogo:</span></strong></p>
<p class="p1">Pedro Marques e Manuel Marques</p>
<p>[/vc_column_text][/vc_column][/vc_row]</p>

<p>[vc_row full_width=&#8221;stretch_row&#8221; gap=&#8221;35&#8243; content_placement=&#8221;middle&#8221; background_position=&#8221;center&#8221; et_uniqid=&#8221;et_custom_uniqid_5f86c6185daf9&#8243; _et_uniqid=&#8221;et_custom_uniqid_new_5f984331cf1ea&#8221;][vc_column et_uniqid=&#8221;et_custom_uniqid_5f86c59f9d34e&#8221; _et_uniqid=&#8221;et_custom_uniqid_new_5fa283c5a13c1&#8243; css=&#8221;.vc_custom_1604486090103{margin-top: -15px !important;margin-bottom: -25px !important;}&#8221;][vc_column_text el_class=&#8221;textobotaoclerkson2&#8243;] Download ficha técnica &gt; [/vc_column_text][/vc_column][/vc_row][vc_row][vc_column][vc_column_text] Classificação e Região: Torres Vedras,&#8230;</p>
