{"id":1620,"date":"2020-11-23T16:00:46","date_gmt":"2020-11-23T16:00:46","guid":{"rendered":"https:\/\/houseofwines.pt\/en\/?post_type=product&#038;p=1620"},"modified":"2020-11-23T16:18:13","modified_gmt":"2020-11-23T16:18:13","slug":"fossil-branco","status":"publish","type":"product","link":"https:\/\/houseofwines.pt\/en\/product\/fossil-branco\/","title":{"rendered":"Fossil Branco"},"content":{"rendered":"<p>[vc_row full_width=&#8221;stretch_row&#8221; gap=&#8221;35&#8243; content_placement=&#8221;middle&#8221; background_position=&#8221;center&#8221; et_uniqid=&#8221;et_custom_uniqid_5f86c6185daf9&#8243; _et_uniqid=&#8221;et_custom_uniqid_new_5f984331cf1ea&#8221;][vc_column et_uniqid=&#8221;et_custom_uniqid_5f86c59f9d34e&#8221; _et_uniqid=&#8221;et_custom_uniqid_new_5fa283c5a13c1&#8243; css=&#8221;.vc_custom_1604486090103{margin-top: -15px !important;margin-bottom: -25px !important;}&#8221;][vc_column_text el_class=&#8221;textobotaoclerkson2&#8243;]<\/p>\n<p style=\"font-size: 13px; color: #5a0c44;\"><span style=\"color: #5a0c44;\"><a style=\"color: #5a0c44;\" href=\"https:\/\/houseofwines.pt\/en\/wp-content\/uploads\/sites\/2\/2020\/11\/FT_VALE-DA-CAPUCHA_FOSSIL-BRANCO18.pdf\" target=\"_blank\" rel=\"noopener noreferrer\">Download ficha t\u00e9cnica &gt;<\/a><\/span><\/p>\n<p>[\/vc_column_text][\/vc_column][\/vc_row][vc_row][vc_column][vc_column_text]<\/p>\n<h4><span style=\"color: #5a0c44;\">Classifica\u00e7\u00e3o e Regi\u00e3o:<\/span><\/h4>\n<p class=\"p1\">Torres Vedras, Vinho de Portugal<\/p>\n<h4><span style=\"color: #5a0c44;\">Clima e solo:<\/span><\/h4>\n<p class=\"p1\">Influ\u00eancia atl\u00e2ntica (9 km do mar). Manh\u00e3s h\u00famidas. Tarde ensolarada e ventosa. Solos argilo-calc\u00e1rios de origem oce\u00e2nica. Boa drenagem e fertilidade moderada. Fomento da biodiversidade tendo em vista o equil\u00edbrio do ecossistema. Adop\u00e7\u00e3o do Modo de Produ\u00e7\u00e3o Biol\u00f3gico, com certifica\u00e7\u00e3o desde 2015<\/p>\n<h4><span style=\"color: #5a0c44;\">Castas:<\/span><\/h4>\n<p class=\"p1\">35% Arinto, 50% Fern\u00e3o Pires e 15% Castas Regionais(Alvarinho, Viosinho, Ant\u00e3o Vaz)<\/p>\n<h4><span style=\"color: #5a0c44;\">Vinifica\u00e7\u00e3o:<\/span><\/h4>\n<p class=\"p1\">A vindima ocorre entre o fim do m\u00eas de Agosto e os primeiros dias de Setembro. Colheita manual nas horas mais frescas do dia. As uvas s\u00e3o gentilmente prensadas sendo o sumo resultante ligeiramente sulfitado. Repouso e decanta\u00e7\u00e3o natural durante 12 horas. No dia seguinte, \u00e9 feita uma passagem a limpo. Nas horas seguintes ocorre o in\u00edcio da fermenta\u00e7\u00e3o, por ac\u00e7\u00e3o das leveduras ind\u00edgenas, criadas na nossa vinha. Est\u00e1gio de 20 meses em borras, sem agita\u00e7\u00e3o e sem madeira. N\u00e3o se usou qualquer adi\u00e7\u00e3o de produtos ex\u00f3genos \u00e0 uva, com excep\u00e7\u00e3o de uma dose m\u00ednima de sulfitos. VINHO N\u00c3O FILTRADO<\/p>\n<h4><span style=\"color: #5a0c44;\">Nota de Prova e gastronomia:<\/span><\/h4>\n<p class=\"p1\">Notas minerais e de mel. Fruta de pomar e frescura vegetal. Muito rico na boca, com acidez vincada e final texturado.<\/p>\n<h4><span style=\"color: #5a0c44;\">Par\u00e2metros Anal\u00edticos:<\/span><\/h4>\n<p>T\u00edtulo alcoom\u00e9trico. 12,50%<br \/>\nPh. 3.18<br \/>\nAcidez Total: 6,3 (g\/l)<br \/>\nA\u00e7\u00facar: &lt; 1.5 (g\/l)<br \/>\nSO2 Total: 21 (mg\/l)<\/p>\n<p><strong><span style=\"color: #5a0c44;\">En\u00f3logo:<\/span><\/strong><\/p>\n<p class=\"p1\">Pedro Marques e Manuel Marques<\/p>\n<p>[\/vc_column_text][\/vc_column][\/vc_row]<\/p>\n","protected":false},"excerpt":{"rendered":"<p>[vc_row full_width=&#8221;stretch_row&#8221; gap=&#8221;35&#8243; content_placement=&#8221;middle&#8221; background_position=&#8221;center&#8221; et_uniqid=&#8221;et_custom_uniqid_5f86c6185daf9&#8243; _et_uniqid=&#8221;et_custom_uniqid_new_5f984331cf1ea&#8221;][vc_column et_uniqid=&#8221;et_custom_uniqid_5f86c59f9d34e&#8221; _et_uniqid=&#8221;et_custom_uniqid_new_5fa283c5a13c1&#8243; css=&#8221;.vc_custom_1604486090103{margin-top: -15px !important;margin-bottom: -25px !important;}&#8221;][vc_column_text el_class=&#8221;textobotaoclerkson2&#8243;] Download ficha t\u00e9cnica &gt; [\/vc_column_text][\/vc_column][\/vc_row][vc_row][vc_column][vc_column_text] Classifica\u00e7\u00e3o e Regi\u00e3o: Torres Vedras,&#8230;<\/p>\n","protected":false},"featured_media":1621,"template":"","meta":[],"etheme_brands":[{"term_id":31,"name":"Vale da Capucha","slug":"vale-da-capucha","term_group":0,"term_taxonomy_id":31,"taxonomy":"brand","description":"","parent":0,"count":6,"filter":"raw"}],"product_cat":[69,70,72,87],"product_tag":[],"class_list":["post-1620","product","type-product","status-publish","has-post-thumbnail","hentry","brand-vale-da-capucha","product_cat-vinhos","product_cat-bio-vegan","product_cat-produtores","product_cat-vale-da-capucha"],"_links":{"self":[{"href":"https:\/\/houseofwines.pt\/en\/wp-json\/wp\/v2\/product\/1620","targetHints":{"allow":["GET"]}}],"collection":[{"href":"https:\/\/houseofwines.pt\/en\/wp-json\/wp\/v2\/product"}],"about":[{"href":"https:\/\/houseofwines.pt\/en\/wp-json\/wp\/v2\/types\/product"}],"wp:featuredmedia":[{"embeddable":true,"href":"https:\/\/houseofwines.pt\/en\/wp-json\/wp\/v2\/media\/1621"}],"wp:attachment":[{"href":"https:\/\/houseofwines.pt\/en\/wp-json\/wp\/v2\/media?parent=1620"}],"wp:term":[{"taxonomy":"brand","embeddable":true,"href":"https:\/\/houseofwines.pt\/en\/wp-json\/wp\/v2\/etheme_brands?post=1620"},{"taxonomy":"product_cat","embeddable":true,"href":"https:\/\/houseofwines.pt\/en\/wp-json\/wp\/v2\/product_cat?post=1620"},{"taxonomy":"product_tag","embeddable":true,"href":"https:\/\/houseofwines.pt\/en\/wp-json\/wp\/v2\/product_tag?post=1620"}],"curies":[{"name":"wp","href":"https:\/\/api.w.org\/{rel}","templated":true}]}}

<p>[vc_row full_width=&#8221;stretch_row&#8221; gap=&#8221;35&#8243; content_placement=&#8221;middle&#8221; background_position=&#8221;center&#8221; et_uniqid=&#8221;et_custom_uniqid_5f86c6185daf9&#8243; _et_uniqid=&#8221;et_custom_uniqid_new_5f984331cf1ea&#8221;][vc_column et_uniqid=&#8221;et_custom_uniqid_5f86c59f9d34e&#8221; _et_uniqid=&#8221;et_custom_uniqid_new_5fa283c5a13c1&#8243; css=&#8221;.vc_custom_1604486090103{margin-top: -15px !important;margin-bottom: -25px !important;}&#8221;][vc_column_text el_class=&#8221;textobotaoclerkson2&#8243;]</p>
<p style="font-size: 13px; color: #5a0c44;"><span style="color: #5a0c44;"><a style="color: #5a0c44;" href="https://houseofwines.pt/en/wp-content/uploads/sites/2/2020/11/FT_VALE-DA-CAPUCHA_FOSSIL-BRANCO18.pdf" target="_blank" rel="noopener noreferrer">Download ficha técnica &gt;</a></span></p>
<p>[/vc_column_text][/vc_column][/vc_row][vc_row][vc_column][vc_column_text]</p>
<h4><span style="color: #5a0c44;">Classificação e Região:</span></h4>
<p class="p1">Torres Vedras, Vinho de Portugal</p>
<h4><span style="color: #5a0c44;">Clima e solo:</span></h4>
<p class="p1">Influência atlântica (9 km do mar). Manhãs húmidas. Tarde ensolarada e ventosa. Solos argilo-calcários de origem oceânica. Boa drenagem e fertilidade moderada. Fomento da biodiversidade tendo em vista o equilíbrio do ecossistema. Adopção do Modo de Produção Biológico, com certificação desde 2015</p>
<h4><span style="color: #5a0c44;">Castas:</span></h4>
<p class="p1">35% Arinto, 50% Fernão Pires e 15% Castas Regionais(Alvarinho, Viosinho, Antão Vaz)</p>
<h4><span style="color: #5a0c44;">Vinificação:</span></h4>
<p class="p1">A vindima ocorre entre o fim do mês de Agosto e os primeiros dias de Setembro. Colheita manual nas horas mais frescas do dia. As uvas são gentilmente prensadas sendo o sumo resultante ligeiramente sulfitado. Repouso e decantação natural durante 12 horas. No dia seguinte, é feita uma passagem a limpo. Nas horas seguintes ocorre o início da fermentação, por acção das leveduras indígenas, criadas na nossa vinha. Estágio de 20 meses em borras, sem agitação e sem madeira. Não se usou qualquer adição de produtos exógenos à uva, com excepção de uma dose mínima de sulfitos. VINHO NÃO FILTRADO</p>
<h4><span style="color: #5a0c44;">Nota de Prova e gastronomia:</span></h4>
<p class="p1">Notas minerais e de mel. Fruta de pomar e frescura vegetal. Muito rico na boca, com acidez vincada e final texturado.</p>
<h4><span style="color: #5a0c44;">Parâmetros Analíticos:</span></h4>
<p>Título alcoométrico. 12,50%<br />
Ph. 3.18<br />
Acidez Total: 6,3 (g/l)<br />
Açúcar: &lt; 1.5 (g/l)<br />
SO2 Total: 21 (mg/l)</p>
<p><strong><span style="color: #5a0c44;">Enólogo:</span></strong></p>
<p class="p1">Pedro Marques e Manuel Marques</p>
<p>[/vc_column_text][/vc_column][/vc_row]</p>

<p>[vc_row full_width=&#8221;stretch_row&#8221; gap=&#8221;35&#8243; content_placement=&#8221;middle&#8221; background_position=&#8221;center&#8221; et_uniqid=&#8221;et_custom_uniqid_5f86c6185daf9&#8243; _et_uniqid=&#8221;et_custom_uniqid_new_5f984331cf1ea&#8221;][vc_column et_uniqid=&#8221;et_custom_uniqid_5f86c59f9d34e&#8221; _et_uniqid=&#8221;et_custom_uniqid_new_5fa283c5a13c1&#8243; css=&#8221;.vc_custom_1604486090103{margin-top: -15px !important;margin-bottom: -25px !important;}&#8221;][vc_column_text el_class=&#8221;textobotaoclerkson2&#8243;] Download ficha técnica &gt; [/vc_column_text][/vc_column][/vc_row][vc_row][vc_column][vc_column_text] Classificação e Região: Torres Vedras,&#8230;</p>
