{"id":1487,"date":"2020-11-19T23:04:55","date_gmt":"2020-11-19T23:04:55","guid":{"rendered":"https:\/\/houseofwines.pt\/en\/?post_type=product&#038;p=1487"},"modified":"2020-11-30T11:24:31","modified_gmt":"2020-11-30T11:24:31","slug":"quinta-do-bronze-doc-douro","status":"publish","type":"product","link":"https:\/\/houseofwines.pt\/en\/product\/quinta-do-bronze-doc-douro\/","title":{"rendered":"Quinta do Bronze DOC Douro"},"content":{"rendered":"<p>[vc_row full_width=&#8221;stretch_row&#8221; gap=&#8221;35&#8243; content_placement=&#8221;middle&#8221; background_position=&#8221;center&#8221; et_uniqid=&#8221;et_custom_uniqid_5f86c6185daf9&#8243; _et_uniqid=&#8221;et_custom_uniqid_new_5f984331cf1ea&#8221;][vc_column et_uniqid=&#8221;et_custom_uniqid_5f86c59f9d34e&#8221; _et_uniqid=&#8221;et_custom_uniqid_new_5fa283c5a13c1&#8243; css=&#8221;.vc_custom_1604486090103{margin-top: -15px !important;margin-bottom: -25px !important;}&#8221;][vc_column_text el_class=&#8221;textobotaoclerkson2&#8243;]<\/p>\n<p style=\"font-size: 13px; color: #5a0c44;\"><span style=\"color: #5a0c44;\"><a style=\"color: #5a0c44;\" href=\"https:\/\/houseofwines.pt\/en\/wp-content\/uploads\/sites\/2\/2020\/11\/FT_LUA-CHEIA_QTA.-BRONZE15.pdf\" target=\"_blank\" rel=\"noopener noreferrer\">Download ficha t\u00e9cnica &gt;<\/a><\/span><\/p>\n<p>[\/vc_column_text][\/vc_column][\/vc_row][vc_row][vc_column][vc_column_text]<\/p>\n<h4><span style=\"color: #5a0c44;\">Classifica\u00e7\u00e3o e Regi\u00e3o:<\/span><\/h4>\n<p class=\"p1\">DOC &#8211; Douro<\/p>\n<h4><span style=\"color: #5a0c44;\">Clima e solo:<\/span><\/h4>\n<p class=\"p1\">Solo xistoso. Clima quente e seco com grandes amplitudes t\u00e9rmicas.<\/p>\n<h4><span style=\"color: #5a0c44;\">Castas:<\/span><\/h4>\n<p class=\"p1\">Touriga Nacional, Touriga Franca, Tinto C\u00e3o, Sous\u00e3o.<\/p>\n<h4><span style=\"color: #5a0c44;\">Vinifica\u00e7\u00e3o:<\/span><\/h4>\n<p class=\"p1\">Produzido a partir da nossa Quinta do Bronze em Vale Mendiz, situada no vale do rio Pinh\u00e3o datada de 1823. Escolhemos as parcelas a uma cota de altitude de 300 metros, vinifica\u00e7\u00e3o cl\u00e1ssica a uma temperatura controlada.<\/p>\n<h4><span style=\"color: #5a0c44;\">Est\u00e1gio:<\/span><\/h4>\n<p class=\"p1\">Est\u00e1gio de 24 meses em Barrica Francesa nova, e est\u00e1gio de 12 meses em garrafa<\/p>\n<h4><span style=\"color: #5a0c44;\">Engarrafamento:<\/span><\/h4>\n<p class=\"p1\">nd.<\/p>\n<h4><span style=\"color: #5a0c44;\">Nota de Prova e gastronomia:<\/span><\/h4>\n<p class=\"p1\">De cor rubi l\u00edmpida e pronunciada apresenta um aroma de grande intensidade e eleg\u00e2ncia. Na boca \u00e9 estruturado e equilibrado, fresco e vibrante. Excelente acidez. Belas notas frutadas combinadas com a excel\u00eancia da barrica. Final muito longo. Pratos intensos e tradicionais e queijos fortes<\/p>\n<h4><span style=\"color: #5a0c44;\">Par\u00e2metros Anal\u00edticos:<\/span><\/h4>\n<p>T\u00edtulo alcoom\u00e9trico. 14%<br \/>\nPh. 3,65<br \/>\nAcidez Total: 5,0 g\/l<br \/>\nA\u00e7\u00facar: &lt; 0,6 g\/l<br \/>\nSO2 livre:<br \/>\nCont\u00e9m Sulfitos.<\/p>\n<p><span style=\"color: #5a0c44;\">En\u00f3logo:<\/span><\/p>\n<p class=\"p1\">Francisco Baptista<\/p>\n<p>[\/vc_column_text][\/vc_column][\/vc_row]<\/p>\n","protected":false},"excerpt":{"rendered":"<p>[vc_row full_width=&#8221;stretch_row&#8221; gap=&#8221;35&#8243; content_placement=&#8221;middle&#8221; background_position=&#8221;center&#8221; et_uniqid=&#8221;et_custom_uniqid_5f86c6185daf9&#8243; _et_uniqid=&#8221;et_custom_uniqid_new_5f984331cf1ea&#8221;][vc_column et_uniqid=&#8221;et_custom_uniqid_5f86c59f9d34e&#8221; _et_uniqid=&#8221;et_custom_uniqid_new_5fa283c5a13c1&#8243; css=&#8221;.vc_custom_1604486090103{margin-top: -15px !important;margin-bottom: -25px !important;}&#8221;][vc_column_text el_class=&#8221;textobotaoclerkson2&#8243;] Download ficha t\u00e9cnica &gt; [\/vc_column_text][\/vc_column][\/vc_row][vc_row][vc_column][vc_column_text] Classifica\u00e7\u00e3o e Regi\u00e3o: DOC &#8211;&#8230;<\/p>\n","protected":false},"featured_media":1488,"template":"","meta":[],"etheme_brands":[{"term_id":27,"name":"Lua Cheia","slug":"lua-cheia","term_group":0,"term_taxonomy_id":27,"taxonomy":"brand","description":"","parent":0,"count":44,"filter":"raw"}],"product_cat":[69,72,80],"product_tag":[],"class_list":["post-1487","product","type-product","status-publish","has-post-thumbnail","hentry","brand-lua-cheia","product_cat-vinhos","product_cat-produtores","product_cat-lua-cheia-em-vinhas-velhas"],"_links":{"self":[{"href":"https:\/\/houseofwines.pt\/en\/wp-json\/wp\/v2\/product\/1487","targetHints":{"allow":["GET"]}}],"collection":[{"href":"https:\/\/houseofwines.pt\/en\/wp-json\/wp\/v2\/product"}],"about":[{"href":"https:\/\/houseofwines.pt\/en\/wp-json\/wp\/v2\/types\/product"}],"wp:featuredmedia":[{"embeddable":true,"href":"https:\/\/houseofwines.pt\/en\/wp-json\/wp\/v2\/media\/1488"}],"wp:attachment":[{"href":"https:\/\/houseofwines.pt\/en\/wp-json\/wp\/v2\/media?parent=1487"}],"wp:term":[{"taxonomy":"brand","embeddable":true,"href":"https:\/\/houseofwines.pt\/en\/wp-json\/wp\/v2\/etheme_brands?post=1487"},{"taxonomy":"product_cat","embeddable":true,"href":"https:\/\/houseofwines.pt\/en\/wp-json\/wp\/v2\/product_cat?post=1487"},{"taxonomy":"product_tag","embeddable":true,"href":"https:\/\/houseofwines.pt\/en\/wp-json\/wp\/v2\/product_tag?post=1487"}],"curies":[{"name":"wp","href":"https:\/\/api.w.org\/{rel}","templated":true}]}}

<p>[vc_row full_width=&#8221;stretch_row&#8221; gap=&#8221;35&#8243; content_placement=&#8221;middle&#8221; background_position=&#8221;center&#8221; et_uniqid=&#8221;et_custom_uniqid_5f86c6185daf9&#8243; _et_uniqid=&#8221;et_custom_uniqid_new_5f984331cf1ea&#8221;][vc_column et_uniqid=&#8221;et_custom_uniqid_5f86c59f9d34e&#8221; _et_uniqid=&#8221;et_custom_uniqid_new_5fa283c5a13c1&#8243; css=&#8221;.vc_custom_1604486090103{margin-top: -15px !important;margin-bottom: -25px !important;}&#8221;][vc_column_text el_class=&#8221;textobotaoclerkson2&#8243;]</p>
<p style="font-size: 13px; color: #5a0c44;"><span style="color: #5a0c44;"><a style="color: #5a0c44;" href="https://houseofwines.pt/en/wp-content/uploads/sites/2/2020/11/FT_LUA-CHEIA_QTA.-BRONZE15.pdf" target="_blank" rel="noopener noreferrer">Download ficha técnica &gt;</a></span></p>
<p>[/vc_column_text][/vc_column][/vc_row][vc_row][vc_column][vc_column_text]</p>
<h4><span style="color: #5a0c44;">Classificação e Região:</span></h4>
<p class="p1">DOC &#8211; Douro</p>
<h4><span style="color: #5a0c44;">Clima e solo:</span></h4>
<p class="p1">Solo xistoso. Clima quente e seco com grandes amplitudes térmicas.</p>
<h4><span style="color: #5a0c44;">Castas:</span></h4>
<p class="p1">Touriga Nacional, Touriga Franca, Tinto Cão, Sousão.</p>
<h4><span style="color: #5a0c44;">Vinificação:</span></h4>
<p class="p1">Produzido a partir da nossa Quinta do Bronze em Vale Mendiz, situada no vale do rio Pinhão datada de 1823. Escolhemos as parcelas a uma cota de altitude de 300 metros, vinificação clássica a uma temperatura controlada.</p>
<h4><span style="color: #5a0c44;">Estágio:</span></h4>
<p class="p1">Estágio de 24 meses em Barrica Francesa nova, e estágio de 12 meses em garrafa</p>
<h4><span style="color: #5a0c44;">Engarrafamento:</span></h4>
<p class="p1">nd.</p>
<h4><span style="color: #5a0c44;">Nota de Prova e gastronomia:</span></h4>
<p class="p1">De cor rubi límpida e pronunciada apresenta um aroma de grande intensidade e elegância. Na boca é estruturado e equilibrado, fresco e vibrante. Excelente acidez. Belas notas frutadas combinadas com a excelência da barrica. Final muito longo. Pratos intensos e tradicionais e queijos fortes</p>
<h4><span style="color: #5a0c44;">Parâmetros Analíticos:</span></h4>
<p>Título alcoométrico. 14%<br />
Ph. 3,65<br />
Acidez Total: 5,0 g/l<br />
Açúcar: &lt; 0,6 g/l<br />
SO2 livre:<br />
Contém Sulfitos.</p>
<p><span style="color: #5a0c44;">Enólogo:</span></p>
<p class="p1">Francisco Baptista</p>
<p>[/vc_column_text][/vc_column][/vc_row]</p>

<p>[vc_row full_width=&#8221;stretch_row&#8221; gap=&#8221;35&#8243; content_placement=&#8221;middle&#8221; background_position=&#8221;center&#8221; et_uniqid=&#8221;et_custom_uniqid_5f86c6185daf9&#8243; _et_uniqid=&#8221;et_custom_uniqid_new_5f984331cf1ea&#8221;][vc_column et_uniqid=&#8221;et_custom_uniqid_5f86c59f9d34e&#8221; _et_uniqid=&#8221;et_custom_uniqid_new_5fa283c5a13c1&#8243; css=&#8221;.vc_custom_1604486090103{margin-top: -15px !important;margin-bottom: -25px !important;}&#8221;][vc_column_text el_class=&#8221;textobotaoclerkson2&#8243;] Download ficha técnica &gt; [/vc_column_text][/vc_column][/vc_row][vc_row][vc_column][vc_column_text] Classificação e Região: DOC &#8211;&#8230;</p>
