{"id":1463,"date":"2020-11-19T16:46:38","date_gmt":"2020-11-19T16:46:38","guid":{"rendered":"https:\/\/houseofwines.pt\/en\/?post_type=product&#038;p=1463"},"modified":"2020-11-30T11:28:58","modified_gmt":"2020-11-30T11:28:58","slug":"andreza-t-nacional-touriga-franca-magnum","status":"publish","type":"product","link":"https:\/\/houseofwines.pt\/en\/product\/andreza-t-nacional-touriga-franca-magnum\/","title":{"rendered":"Andreza T Nacional\/Touriga Franca MAGNUM"},"content":{"rendered":"<p>[vc_row full_width=&#8221;stretch_row&#8221; gap=&#8221;35&#8243; content_placement=&#8221;middle&#8221; background_position=&#8221;center&#8221; et_uniqid=&#8221;et_custom_uniqid_5f86c6185daf9&#8243; _et_uniqid=&#8221;et_custom_uniqid_new_5f984331cf1ea&#8221;][vc_column et_uniqid=&#8221;et_custom_uniqid_5f86c59f9d34e&#8221; _et_uniqid=&#8221;et_custom_uniqid_new_5fa283c5a13c1&#8243; css=&#8221;.vc_custom_1604486090103{margin-top: -15px !important;margin-bottom: -25px !important;}&#8221;][vc_column_text el_class=&#8221;textobotaoclerkson2&#8243;]<\/p>\n<p style=\"font-size: 13px; color: #5a0c44;\"><span style=\"color: #5a0c44;\"><a style=\"color: #5a0c44;\" href=\"https:\/\/houseofwines.pt\/en\/wp-content\/uploads\/sites\/2\/2020\/11\/FT_LUA-CHEIA_ANDREZA-T.NACIONAL-T.FRANCA16-MAGNUM.pdf\" target=\"_blank\" rel=\"noopener noreferrer\">Download ficha t\u00e9cnica &gt;<\/a><\/span><\/p>\n<p>[\/vc_column_text][\/vc_column][\/vc_row][vc_row][vc_column][vc_column_text]<\/p>\n<h4><span style=\"color: #5a0c44;\">Classifica\u00e7\u00e3o e Regi\u00e3o:<\/span><\/h4>\n<p class=\"p1\">DOC &#8211; Douro<\/p>\n<h4><span style=\"color: #5a0c44;\">Clima e solo:<\/span><\/h4>\n<p class=\"p1\">Solo xistoso. Clima quente e seco com grandes amplitudes t\u00e9rmicas.<\/p>\n<h4><span style=\"color: #5a0c44;\">Castas:<\/span><\/h4>\n<p class=\"p1\">Touriga Nacional, Touriga Franca.<\/p>\n<h4><span style=\"color: #5a0c44;\">Vinifica\u00e7\u00e3o:<\/span><\/h4>\n<p class=\"p1\">Vindima em caixa de 22 kg. Desengace e esmagamento, 12h de pr\u00e9-macera\u00e7\u00e3o pr\u00e9fermentativa a 34\u00baC para maximizar o trabalho das enzimas, utiliza\u00e7\u00e3o de leveduras seleccionadas, fermenta\u00e7\u00e3o alco\u00f3lica com controlo de temperatura (22-24\u00baC).<\/p>\n<h4><span style=\"color: #5a0c44;\">Est\u00e1gio:<\/span><\/h4>\n<p class=\"p1\">1\/3 do vinho estagiou em barricas novas de carvalho Franc\u00eas durante 12 meses.<\/p>\n<h4><span style=\"color: #5a0c44;\">Engarrafamento:<\/span><\/h4>\n<p class=\"p1\">nd.<\/p>\n<h4><span style=\"color: #5a0c44;\">Nota de Prova e gastronomia:<\/span><\/h4>\n<p class=\"p1\">Apresenta-se de cor vermelho granada, floral em aroma como a bergamota e o manjerico da Touriga Nacional, mirtilo e amora preta da Touriga Franca. Na boca \u00e9 muito elegante e estruturado. Final persistente onde regressam as notas de fruta madura. Cozinha mediterr\u00e2nica, pastas e queijos de pasta mole.<\/p>\n<h4><span style=\"color: #5a0c44;\">Par\u00e2metros Anal\u00edticos:<\/span><\/h4>\n<p>T\u00edtulo alcoom\u00e9trico. 13,50%<br \/>\nPh. 3,7<br \/>\nAcidez Total: 4,90 g\/l<br \/>\nA\u00e7\u00facar: 0,6 g\/l<br \/>\nSO2 livre:<br \/>\nCont\u00e9m Sulfitos.<\/p>\n<h4><span style=\"color: #5a0c44;\">En\u00f3logo:<\/span><\/h4>\n<p class=\"p1\">Francisco Baptista, Jo\u00e3o Silva e Sousa<\/p>\n<p>[\/vc_column_text][\/vc_column][\/vc_row]<\/p>\n","protected":false},"excerpt":{"rendered":"<p>[vc_row full_width=&#8221;stretch_row&#8221; gap=&#8221;35&#8243; content_placement=&#8221;middle&#8221; background_position=&#8221;center&#8221; et_uniqid=&#8221;et_custom_uniqid_5f86c6185daf9&#8243; _et_uniqid=&#8221;et_custom_uniqid_new_5f984331cf1ea&#8221;][vc_column et_uniqid=&#8221;et_custom_uniqid_5f86c59f9d34e&#8221; _et_uniqid=&#8221;et_custom_uniqid_new_5fa283c5a13c1&#8243; css=&#8221;.vc_custom_1604486090103{margin-top: -15px !important;margin-bottom: -25px !important;}&#8221;][vc_column_text el_class=&#8221;textobotaoclerkson2&#8243;] Download ficha t\u00e9cnica &gt; [\/vc_column_text][\/vc_column][\/vc_row][vc_row][vc_column][vc_column_text] Classifica\u00e7\u00e3o e Regi\u00e3o: DOC &#8211;&#8230;<\/p>\n","protected":false},"featured_media":1464,"template":"","meta":[],"etheme_brands":[{"term_id":27,"name":"Lua Cheia","slug":"lua-cheia","term_group":0,"term_taxonomy_id":27,"taxonomy":"brand","description":"","parent":0,"count":44,"filter":"raw"}],"product_cat":[69,72,80],"product_tag":[],"class_list":["post-1463","product","type-product","status-publish","has-post-thumbnail","hentry","brand-lua-cheia","product_cat-vinhos","product_cat-produtores","product_cat-lua-cheia-em-vinhas-velhas"],"_links":{"self":[{"href":"https:\/\/houseofwines.pt\/en\/wp-json\/wp\/v2\/product\/1463","targetHints":{"allow":["GET"]}}],"collection":[{"href":"https:\/\/houseofwines.pt\/en\/wp-json\/wp\/v2\/product"}],"about":[{"href":"https:\/\/houseofwines.pt\/en\/wp-json\/wp\/v2\/types\/product"}],"wp:featuredmedia":[{"embeddable":true,"href":"https:\/\/houseofwines.pt\/en\/wp-json\/wp\/v2\/media\/1464"}],"wp:attachment":[{"href":"https:\/\/houseofwines.pt\/en\/wp-json\/wp\/v2\/media?parent=1463"}],"wp:term":[{"taxonomy":"brand","embeddable":true,"href":"https:\/\/houseofwines.pt\/en\/wp-json\/wp\/v2\/etheme_brands?post=1463"},{"taxonomy":"product_cat","embeddable":true,"href":"https:\/\/houseofwines.pt\/en\/wp-json\/wp\/v2\/product_cat?post=1463"},{"taxonomy":"product_tag","embeddable":true,"href":"https:\/\/houseofwines.pt\/en\/wp-json\/wp\/v2\/product_tag?post=1463"}],"curies":[{"name":"wp","href":"https:\/\/api.w.org\/{rel}","templated":true}]}}

<p>[vc_row full_width=&#8221;stretch_row&#8221; gap=&#8221;35&#8243; content_placement=&#8221;middle&#8221; background_position=&#8221;center&#8221; et_uniqid=&#8221;et_custom_uniqid_5f86c6185daf9&#8243; _et_uniqid=&#8221;et_custom_uniqid_new_5f984331cf1ea&#8221;][vc_column et_uniqid=&#8221;et_custom_uniqid_5f86c59f9d34e&#8221; _et_uniqid=&#8221;et_custom_uniqid_new_5fa283c5a13c1&#8243; css=&#8221;.vc_custom_1604486090103{margin-top: -15px !important;margin-bottom: -25px !important;}&#8221;][vc_column_text el_class=&#8221;textobotaoclerkson2&#8243;]</p>
<p style="font-size: 13px; color: #5a0c44;"><span style="color: #5a0c44;"><a style="color: #5a0c44;" href="https://houseofwines.pt/en/wp-content/uploads/sites/2/2020/11/FT_LUA-CHEIA_ANDREZA-T.NACIONAL-T.FRANCA16-MAGNUM.pdf" target="_blank" rel="noopener noreferrer">Download ficha técnica &gt;</a></span></p>
<p>[/vc_column_text][/vc_column][/vc_row][vc_row][vc_column][vc_column_text]</p>
<h4><span style="color: #5a0c44;">Classificação e Região:</span></h4>
<p class="p1">DOC &#8211; Douro</p>
<h4><span style="color: #5a0c44;">Clima e solo:</span></h4>
<p class="p1">Solo xistoso. Clima quente e seco com grandes amplitudes térmicas.</p>
<h4><span style="color: #5a0c44;">Castas:</span></h4>
<p class="p1">Touriga Nacional, Touriga Franca.</p>
<h4><span style="color: #5a0c44;">Vinificação:</span></h4>
<p class="p1">Vindima em caixa de 22 kg. Desengace e esmagamento, 12h de pré-maceração préfermentativa a 34ºC para maximizar o trabalho das enzimas, utilização de leveduras seleccionadas, fermentação alcoólica com controlo de temperatura (22-24ºC).</p>
<h4><span style="color: #5a0c44;">Estágio:</span></h4>
<p class="p1">1/3 do vinho estagiou em barricas novas de carvalho Francês durante 12 meses.</p>
<h4><span style="color: #5a0c44;">Engarrafamento:</span></h4>
<p class="p1">nd.</p>
<h4><span style="color: #5a0c44;">Nota de Prova e gastronomia:</span></h4>
<p class="p1">Apresenta-se de cor vermelho granada, floral em aroma como a bergamota e o manjerico da Touriga Nacional, mirtilo e amora preta da Touriga Franca. Na boca é muito elegante e estruturado. Final persistente onde regressam as notas de fruta madura. Cozinha mediterrânica, pastas e queijos de pasta mole.</p>
<h4><span style="color: #5a0c44;">Parâmetros Analíticos:</span></h4>
<p>Título alcoométrico. 13,50%<br />
Ph. 3,7<br />
Acidez Total: 4,90 g/l<br />
Açúcar: 0,6 g/l<br />
SO2 livre:<br />
Contém Sulfitos.</p>
<h4><span style="color: #5a0c44;">Enólogo:</span></h4>
<p class="p1">Francisco Baptista, João Silva e Sousa</p>
<p>[/vc_column_text][/vc_column][/vc_row]</p>

<p>[vc_row full_width=&#8221;stretch_row&#8221; gap=&#8221;35&#8243; content_placement=&#8221;middle&#8221; background_position=&#8221;center&#8221; et_uniqid=&#8221;et_custom_uniqid_5f86c6185daf9&#8243; _et_uniqid=&#8221;et_custom_uniqid_new_5f984331cf1ea&#8221;][vc_column et_uniqid=&#8221;et_custom_uniqid_5f86c59f9d34e&#8221; _et_uniqid=&#8221;et_custom_uniqid_new_5fa283c5a13c1&#8243; css=&#8221;.vc_custom_1604486090103{margin-top: -15px !important;margin-bottom: -25px !important;}&#8221;][vc_column_text el_class=&#8221;textobotaoclerkson2&#8243;] Download ficha técnica &gt; [/vc_column_text][/vc_column][/vc_row][vc_row][vc_column][vc_column_text] Classificação e Região: DOC &#8211;&#8230;</p>
