{"id":1402,"date":"2020-11-19T10:39:51","date_gmt":"2020-11-19T10:39:51","guid":{"rendered":"https:\/\/houseofwines.pt\/en\/?post_type=product&#038;p=1402"},"modified":"2020-11-30T11:12:23","modified_gmt":"2020-11-30T11:12:23","slug":"azul-portugal-porto-10-anos","status":"publish","type":"product","link":"https:\/\/houseofwines.pt\/en\/product\/azul-portugal-porto-10-anos\/","title":{"rendered":"Azul Portugal Porto 10 Anos"},"content":{"rendered":"<p>[vc_row full_width=&#8221;stretch_row&#8221; gap=&#8221;35&#8243; content_placement=&#8221;middle&#8221; background_position=&#8221;center&#8221; et_uniqid=&#8221;et_custom_uniqid_5f86c6185daf9&#8243; _et_uniqid=&#8221;et_custom_uniqid_new_5f984331cf1ea&#8221;][vc_column et_uniqid=&#8221;et_custom_uniqid_5f86c59f9d34e&#8221; _et_uniqid=&#8221;et_custom_uniqid_new_5fa283c5a13c1&#8243; css=&#8221;.vc_custom_1604486090103{margin-top: -15px !important;margin-bottom: -25px !important;}&#8221;][vc_column_text el_class=&#8221;textobotaoclerkson2&#8243;]<\/p>\n<p style=\"font-size: 13px; color: #5a0c44;\"><span style=\"color: #5a0c44;\"><a style=\"color: #5a0c44;\" href=\"https:\/\/houseofwines.pt\/en\/wp-content\/uploads\/sites\/2\/2020\/11\/FT_AZUL_PORTUGAL_PORTO_10ANOS.pdf\" target=\"_blank\" rel=\"noopener noreferrer\">Download ficha t\u00e9cnica &gt;<\/a><\/span><\/p>\n<p>[\/vc_column_text][\/vc_column][\/vc_row][vc_row][vc_column][vc_column_text]<\/p>\n<p class=\"p1\"><strong>Medalha Prata &#8211; Vinalies Internationales Paris 2013<\/strong><\/p>\n<h4><span style=\"color: #5a0c44;\">Classifica\u00e7\u00e3o e Regi\u00e3o:<\/span><\/h4>\n<p class=\"p1\">D.O.C. Douro<\/p>\n<h4><span style=\"color: #5a0c44;\">Clima e solo:<\/span><\/h4>\n<p class=\"p1\">Solo xistoso. Clima quente e seco com grandes amplitudes t\u00e9rmicas.<\/p>\n<h4><span style=\"color: #5a0c44;\">Castas:<\/span><\/h4>\n<p class=\"p1\">Touriga Nacional, Touriga Franca, Tinta Roriz (Aragonez), Tinta Barroca.<\/p>\n<h4><span style=\"color: #5a0c44;\">Vinifica\u00e7\u00e3o:<\/span><\/h4>\n<p class=\"p1\">Vindima para caixas de 20 Kgs e selec\u00e7\u00e3o das uvas antes de irem para os \u201clagares\u201d. Fermenta\u00e7\u00e3o com macera\u00e7\u00e3o das pel\u00edculas para extrac\u00e7\u00e3o dos melhores constituintes foi feita nos antigos lagares de granito com pisa a p\u00e9. Adi\u00e7\u00e3o de aguardente<\/p>\n<h4><span style=\"color: #5a0c44;\">Est\u00e1gio:<\/span><\/h4>\n<p class=\"p1\">Envelhecidos em toneis e cascos de carvalho durante 10 ou mais anos<\/p>\n<h4><span style=\"color: #5a0c44;\">Nota de Prova e gastronomia:<\/span><\/h4>\n<p class=\"p1\">Cor vermelha com tons. Aromas delicados de noz e notas de frutas secas e ameixa madura. Excelente equil\u00edbrio na boca. Concilia a idade com a frescura. Servido ligeiramente fresco, \u00e9 perfeito por conta pr\u00f3pria, ou combinado com tortas de nozes e sobremesas ricas.<\/p>\n<h4><span style=\"color: #5a0c44;\">Par\u00e2metros Anal\u00edticos:<\/span><\/h4>\n<p>T\u00edtulo alcoom\u00e9trico. 20,00%<br \/>\nPh. 3,27<br \/>\nAcidez Total: 5,14 g\/l<br \/>\nAcidez Vol\u00e1til:<br \/>\nA\u00e7\u00facar: 117 g\/l<br \/>\nSO2 livre:<br \/>\nCont\u00e9m Sulfitos.<\/p>\n<p><span style=\"color: #5a0c44;\">En\u00f3logo:<\/span><\/p>\n<p class=\"p1\">Vieira de Sousa<\/p>\n<p>[\/vc_column_text][\/vc_column][\/vc_row]<\/p>\n","protected":false},"excerpt":{"rendered":"<p>[vc_row full_width=&#8221;stretch_row&#8221; gap=&#8221;35&#8243; content_placement=&#8221;middle&#8221; background_position=&#8221;center&#8221; et_uniqid=&#8221;et_custom_uniqid_5f86c6185daf9&#8243; _et_uniqid=&#8221;et_custom_uniqid_new_5f984331cf1ea&#8221;][vc_column et_uniqid=&#8221;et_custom_uniqid_5f86c59f9d34e&#8221; _et_uniqid=&#8221;et_custom_uniqid_new_5fa283c5a13c1&#8243; css=&#8221;.vc_custom_1604486090103{margin-top: -15px !important;margin-bottom: -25px !important;}&#8221;][vc_column_text el_class=&#8221;textobotaoclerkson2&#8243;] Download ficha t\u00e9cnica &gt; [\/vc_column_text][\/vc_column][\/vc_row][vc_row][vc_column][vc_column_text] Medalha Prata &#8211; Vinalies Internationales&#8230;<\/p>\n","protected":false},"featured_media":1391,"template":"","meta":[],"etheme_brands":[{"term_id":27,"name":"Lua Cheia","slug":"lua-cheia","term_group":0,"term_taxonomy_id":27,"taxonomy":"brand","description":"","parent":0,"count":44,"filter":"raw"}],"product_cat":[69,72,80],"product_tag":[],"class_list":["post-1402","product","type-product","status-publish","has-post-thumbnail","hentry","brand-lua-cheia","product_cat-vinhos","product_cat-produtores","product_cat-lua-cheia-em-vinhas-velhas"],"_links":{"self":[{"href":"https:\/\/houseofwines.pt\/en\/wp-json\/wp\/v2\/product\/1402","targetHints":{"allow":["GET"]}}],"collection":[{"href":"https:\/\/houseofwines.pt\/en\/wp-json\/wp\/v2\/product"}],"about":[{"href":"https:\/\/houseofwines.pt\/en\/wp-json\/wp\/v2\/types\/product"}],"wp:featuredmedia":[{"embeddable":true,"href":"https:\/\/houseofwines.pt\/en\/wp-json\/wp\/v2\/media\/1391"}],"wp:attachment":[{"href":"https:\/\/houseofwines.pt\/en\/wp-json\/wp\/v2\/media?parent=1402"}],"wp:term":[{"taxonomy":"brand","embeddable":true,"href":"https:\/\/houseofwines.pt\/en\/wp-json\/wp\/v2\/etheme_brands?post=1402"},{"taxonomy":"product_cat","embeddable":true,"href":"https:\/\/houseofwines.pt\/en\/wp-json\/wp\/v2\/product_cat?post=1402"},{"taxonomy":"product_tag","embeddable":true,"href":"https:\/\/houseofwines.pt\/en\/wp-json\/wp\/v2\/product_tag?post=1402"}],"curies":[{"name":"wp","href":"https:\/\/api.w.org\/{rel}","templated":true}]}}

<p>[vc_row full_width=&#8221;stretch_row&#8221; gap=&#8221;35&#8243; content_placement=&#8221;middle&#8221; background_position=&#8221;center&#8221; et_uniqid=&#8221;et_custom_uniqid_5f86c6185daf9&#8243; _et_uniqid=&#8221;et_custom_uniqid_new_5f984331cf1ea&#8221;][vc_column et_uniqid=&#8221;et_custom_uniqid_5f86c59f9d34e&#8221; _et_uniqid=&#8221;et_custom_uniqid_new_5fa283c5a13c1&#8243; css=&#8221;.vc_custom_1604486090103{margin-top: -15px !important;margin-bottom: -25px !important;}&#8221;][vc_column_text el_class=&#8221;textobotaoclerkson2&#8243;]</p>
<p style="font-size: 13px; color: #5a0c44;"><span style="color: #5a0c44;"><a style="color: #5a0c44;" href="https://houseofwines.pt/en/wp-content/uploads/sites/2/2020/11/FT_AZUL_PORTUGAL_PORTO_10ANOS.pdf" target="_blank" rel="noopener noreferrer">Download ficha técnica &gt;</a></span></p>
<p>[/vc_column_text][/vc_column][/vc_row][vc_row][vc_column][vc_column_text]</p>
<p class="p1"><strong>Medalha Prata &#8211; Vinalies Internationales Paris 2013</strong></p>
<h4><span style="color: #5a0c44;">Classificação e Região:</span></h4>
<p class="p1">D.O.C. Douro</p>
<h4><span style="color: #5a0c44;">Clima e solo:</span></h4>
<p class="p1">Solo xistoso. Clima quente e seco com grandes amplitudes térmicas.</p>
<h4><span style="color: #5a0c44;">Castas:</span></h4>
<p class="p1">Touriga Nacional, Touriga Franca, Tinta Roriz (Aragonez), Tinta Barroca.</p>
<h4><span style="color: #5a0c44;">Vinificação:</span></h4>
<p class="p1">Vindima para caixas de 20 Kgs e selecção das uvas antes de irem para os “lagares”. Fermentação com maceração das películas para extracção dos melhores constituintes foi feita nos antigos lagares de granito com pisa a pé. Adição de aguardente</p>
<h4><span style="color: #5a0c44;">Estágio:</span></h4>
<p class="p1">Envelhecidos em toneis e cascos de carvalho durante 10 ou mais anos</p>
<h4><span style="color: #5a0c44;">Nota de Prova e gastronomia:</span></h4>
<p class="p1">Cor vermelha com tons. Aromas delicados de noz e notas de frutas secas e ameixa madura. Excelente equilíbrio na boca. Concilia a idade com a frescura. Servido ligeiramente fresco, é perfeito por conta própria, ou combinado com tortas de nozes e sobremesas ricas.</p>
<h4><span style="color: #5a0c44;">Parâmetros Analíticos:</span></h4>
<p>Título alcoométrico. 20,00%<br />
Ph. 3,27<br />
Acidez Total: 5,14 g/l<br />
Acidez Volátil:<br />
Açúcar: 117 g/l<br />
SO2 livre:<br />
Contém Sulfitos.</p>
<p><span style="color: #5a0c44;">Enólogo:</span></p>
<p class="p1">Vieira de Sousa</p>
<p>[/vc_column_text][/vc_column][/vc_row]</p>

<p>[vc_row full_width=&#8221;stretch_row&#8221; gap=&#8221;35&#8243; content_placement=&#8221;middle&#8221; background_position=&#8221;center&#8221; et_uniqid=&#8221;et_custom_uniqid_5f86c6185daf9&#8243; _et_uniqid=&#8221;et_custom_uniqid_new_5f984331cf1ea&#8221;][vc_column et_uniqid=&#8221;et_custom_uniqid_5f86c59f9d34e&#8221; _et_uniqid=&#8221;et_custom_uniqid_new_5fa283c5a13c1&#8243; css=&#8221;.vc_custom_1604486090103{margin-top: -15px !important;margin-bottom: -25px !important;}&#8221;][vc_column_text el_class=&#8221;textobotaoclerkson2&#8243;] Download ficha técnica &gt; [/vc_column_text][/vc_column][/vc_row][vc_row][vc_column][vc_column_text] Medalha Prata &#8211; Vinalies Internationales&#8230;</p>
