{"id":1390,"date":"2020-11-19T10:29:38","date_gmt":"2020-11-19T10:29:38","guid":{"rendered":"https:\/\/houseofwines.pt\/en\/?post_type=product&#038;p=1390"},"modified":"2020-11-30T11:12:56","modified_gmt":"2020-11-30T11:12:56","slug":"azul-portugal-porto-white","status":"publish","type":"product","link":"https:\/\/houseofwines.pt\/en\/product\/azul-portugal-porto-white\/","title":{"rendered":"Azul Portugal Porto &#8211; White"},"content":{"rendered":"<p>[vc_row full_width=&#8221;stretch_row&#8221; gap=&#8221;35&#8243; content_placement=&#8221;middle&#8221; background_position=&#8221;center&#8221; et_uniqid=&#8221;et_custom_uniqid_5f86c6185daf9&#8243; _et_uniqid=&#8221;et_custom_uniqid_new_5f984331cf1ea&#8221;][vc_column et_uniqid=&#8221;et_custom_uniqid_5f86c59f9d34e&#8221; _et_uniqid=&#8221;et_custom_uniqid_new_5fa283c5a13c1&#8243; css=&#8221;.vc_custom_1604486090103{margin-top: -15px !important;margin-bottom: -25px !important;}&#8221;][vc_column_text el_class=&#8221;textobotaoclerkson2&#8243;]<\/p>\n<p style=\"font-size: 13px; color: #5a0c44;\"><span style=\"color: #5a0c44;\"><a style=\"color: #5a0c44;\" href=\"https:\/\/houseofwines.pt\/en\/wp-content\/uploads\/sites\/2\/2020\/11\/FT_AZUL_PORTUGAL_PORTO_WHITE.pdf\" target=\"_blank\" rel=\"noopener noreferrer\">Download ficha t\u00e9cnica &gt;<\/a><\/span><\/p>\n<p>[\/vc_column_text][\/vc_column][\/vc_row][vc_row][vc_column][vc_column_text]<\/p>\n<h4><span style=\"color: #5a0c44;\">Classifica\u00e7\u00e3o e Regi\u00e3o:<\/span><\/h4>\n<p class=\"p1\">D.O.C. Douro<\/p>\n<h4><span style=\"color: #5a0c44;\">Clima e solo:<\/span><\/h4>\n<p class=\"p1\">Solo xistoso. Clima quente e seco com grandes amplitudes t\u00e9rmicas.<\/p>\n<h4><span style=\"color: #5a0c44;\">Castas:<\/span><\/h4>\n<p class=\"p1\">Viosinho, Rabigato, Malvasia &#8211; Fina, Gouveio.<\/p>\n<h4><span style=\"color: #5a0c44;\">Vinifica\u00e7\u00e3o:<\/span><\/h4>\n<p class=\"p1\">Desengace e esmagamento seguido de inocula\u00e7\u00e3o com leveduras seleccionadas. Fermenta\u00e7\u00e3o alco\u00f3lica, adi\u00e7\u00e3o de aguardente v\u00ednica (77% \u00e1lcool V\/V) gelada (10\u00baC)<\/p>\n<h4><span style=\"color: #5a0c44;\">Est\u00e1gio:<\/span><\/h4>\n<p class=\"p1\">Est\u00e1gio de 2,5 a 3 anos em cubas e cascos de carvalho de 630 litros<\/p>\n<h4><span style=\"color: #5a0c44;\">Nota de Prova e gastronomia:<\/span><\/h4>\n<p class=\"p1\">Cor \u00e2mbar. Aroma floral e equil\u00edbrado que lembra frutos secos. Notas de mel e am\u00eandoas. Agrad\u00e1vel. \u00d3ptimo como aperitivo ou a acompanhar frutos secos e sobremesas frescas. Deve ser servido a 12\u00baC.<\/p>\n<h4><span style=\"color: #5a0c44;\">Par\u00e2metros Anal\u00edticos:<\/span><\/h4>\n<p>T\u00edtulo alcoom\u00e9trico. 19,00%<br \/>\nPh. 3,45<br \/>\nAcidez Total: 3,5 g\/l<br \/>\nAcidez Vol\u00e1til:<br \/>\nA\u00e7\u00facar: 102 g\/l<br \/>\nSO2 livre:<br \/>\nCont\u00e9m Sulfitos.<\/p>\n<h4><span style=\"color: #5a0c44;\">En\u00f3logo:<\/span><\/h4>\n<p class=\"p1\">Miguel Ferreira<\/p>\n<p>[\/vc_column_text][\/vc_column][\/vc_row]<\/p>\n","protected":false},"excerpt":{"rendered":"<p>[vc_row full_width=&#8221;stretch_row&#8221; gap=&#8221;35&#8243; content_placement=&#8221;middle&#8221; background_position=&#8221;center&#8221; et_uniqid=&#8221;et_custom_uniqid_5f86c6185daf9&#8243; _et_uniqid=&#8221;et_custom_uniqid_new_5f984331cf1ea&#8221;][vc_column et_uniqid=&#8221;et_custom_uniqid_5f86c59f9d34e&#8221; _et_uniqid=&#8221;et_custom_uniqid_new_5fa283c5a13c1&#8243; css=&#8221;.vc_custom_1604486090103{margin-top: -15px !important;margin-bottom: -25px !important;}&#8221;][vc_column_text el_class=&#8221;textobotaoclerkson2&#8243;] Download ficha t\u00e9cnica &gt; [\/vc_column_text][\/vc_column][\/vc_row][vc_row][vc_column][vc_column_text] Classifica\u00e7\u00e3o e Regi\u00e3o: D.O.C. Douro&#8230;<\/p>\n","protected":false},"featured_media":1393,"template":"","meta":[],"etheme_brands":[{"term_id":27,"name":"Lua Cheia","slug":"lua-cheia","term_group":0,"term_taxonomy_id":27,"taxonomy":"brand","description":"","parent":0,"count":44,"filter":"raw"}],"product_cat":[69,72,80],"product_tag":[],"class_list":["post-1390","product","type-product","status-publish","has-post-thumbnail","hentry","brand-lua-cheia","product_cat-vinhos","product_cat-produtores","product_cat-lua-cheia-em-vinhas-velhas"],"_links":{"self":[{"href":"https:\/\/houseofwines.pt\/en\/wp-json\/wp\/v2\/product\/1390","targetHints":{"allow":["GET"]}}],"collection":[{"href":"https:\/\/houseofwines.pt\/en\/wp-json\/wp\/v2\/product"}],"about":[{"href":"https:\/\/houseofwines.pt\/en\/wp-json\/wp\/v2\/types\/product"}],"wp:featuredmedia":[{"embeddable":true,"href":"https:\/\/houseofwines.pt\/en\/wp-json\/wp\/v2\/media\/1393"}],"wp:attachment":[{"href":"https:\/\/houseofwines.pt\/en\/wp-json\/wp\/v2\/media?parent=1390"}],"wp:term":[{"taxonomy":"brand","embeddable":true,"href":"https:\/\/houseofwines.pt\/en\/wp-json\/wp\/v2\/etheme_brands?post=1390"},{"taxonomy":"product_cat","embeddable":true,"href":"https:\/\/houseofwines.pt\/en\/wp-json\/wp\/v2\/product_cat?post=1390"},{"taxonomy":"product_tag","embeddable":true,"href":"https:\/\/houseofwines.pt\/en\/wp-json\/wp\/v2\/product_tag?post=1390"}],"curies":[{"name":"wp","href":"https:\/\/api.w.org\/{rel}","templated":true}]}}

<p>[vc_row full_width=&#8221;stretch_row&#8221; gap=&#8221;35&#8243; content_placement=&#8221;middle&#8221; background_position=&#8221;center&#8221; et_uniqid=&#8221;et_custom_uniqid_5f86c6185daf9&#8243; _et_uniqid=&#8221;et_custom_uniqid_new_5f984331cf1ea&#8221;][vc_column et_uniqid=&#8221;et_custom_uniqid_5f86c59f9d34e&#8221; _et_uniqid=&#8221;et_custom_uniqid_new_5fa283c5a13c1&#8243; css=&#8221;.vc_custom_1604486090103{margin-top: -15px !important;margin-bottom: -25px !important;}&#8221;][vc_column_text el_class=&#8221;textobotaoclerkson2&#8243;]</p>
<p style="font-size: 13px; color: #5a0c44;"><span style="color: #5a0c44;"><a style="color: #5a0c44;" href="https://houseofwines.pt/en/wp-content/uploads/sites/2/2020/11/FT_AZUL_PORTUGAL_PORTO_WHITE.pdf" target="_blank" rel="noopener noreferrer">Download ficha técnica &gt;</a></span></p>
<p>[/vc_column_text][/vc_column][/vc_row][vc_row][vc_column][vc_column_text]</p>
<h4><span style="color: #5a0c44;">Classificação e Região:</span></h4>
<p class="p1">D.O.C. Douro</p>
<h4><span style="color: #5a0c44;">Clima e solo:</span></h4>
<p class="p1">Solo xistoso. Clima quente e seco com grandes amplitudes térmicas.</p>
<h4><span style="color: #5a0c44;">Castas:</span></h4>
<p class="p1">Viosinho, Rabigato, Malvasia &#8211; Fina, Gouveio.</p>
<h4><span style="color: #5a0c44;">Vinificação:</span></h4>
<p class="p1">Desengace e esmagamento seguido de inoculação com leveduras seleccionadas. Fermentação alcoólica, adição de aguardente vínica (77% álcool V/V) gelada (10ºC)</p>
<h4><span style="color: #5a0c44;">Estágio:</span></h4>
<p class="p1">Estágio de 2,5 a 3 anos em cubas e cascos de carvalho de 630 litros</p>
<h4><span style="color: #5a0c44;">Nota de Prova e gastronomia:</span></h4>
<p class="p1">Cor âmbar. Aroma floral e equilíbrado que lembra frutos secos. Notas de mel e amêndoas. Agradável. Óptimo como aperitivo ou a acompanhar frutos secos e sobremesas frescas. Deve ser servido a 12ºC.</p>
<h4><span style="color: #5a0c44;">Parâmetros Analíticos:</span></h4>
<p>Título alcoométrico. 19,00%<br />
Ph. 3,45<br />
Acidez Total: 3,5 g/l<br />
Acidez Volátil:<br />
Açúcar: 102 g/l<br />
SO2 livre:<br />
Contém Sulfitos.</p>
<h4><span style="color: #5a0c44;">Enólogo:</span></h4>
<p class="p1">Miguel Ferreira</p>
<p>[/vc_column_text][/vc_column][/vc_row]</p>

<p>[vc_row full_width=&#8221;stretch_row&#8221; gap=&#8221;35&#8243; content_placement=&#8221;middle&#8221; background_position=&#8221;center&#8221; et_uniqid=&#8221;et_custom_uniqid_5f86c6185daf9&#8243; _et_uniqid=&#8221;et_custom_uniqid_new_5f984331cf1ea&#8221;][vc_column et_uniqid=&#8221;et_custom_uniqid_5f86c59f9d34e&#8221; _et_uniqid=&#8221;et_custom_uniqid_new_5fa283c5a13c1&#8243; css=&#8221;.vc_custom_1604486090103{margin-top: -15px !important;margin-bottom: -25px !important;}&#8221;][vc_column_text el_class=&#8221;textobotaoclerkson2&#8243;] Download ficha técnica &gt; [/vc_column_text][/vc_column][/vc_row][vc_row][vc_column][vc_column_text] Classificação e Região: D.O.C. Douro&#8230;</p>
